{"id":8268,"date":"2023-03-17T16:24:19","date_gmt":"2023-03-17T19:24:19","guid":{"rendered":"https:\/\/isfd21-bue.infd.edu.ar\/sitio\/?page_id=8268"},"modified":"2026-02-27T14:24:35","modified_gmt":"2026-02-27T17:24:35","slug":"equivalencias-2","status":"publish","type":"page","link":"https:\/\/isfd21-bue.infd.edu.ar\/sitio\/equivalencias-2\/","title":{"rendered":"EQUIVALENCIAS 2026 DESDE EL 09\/03 AL 30\/04                   (PARA SER RECONOCIDAS POR NUESTRO INSTITUTO)"},"content":{"rendered":"\n<p>Solicitud de equivalencias \u2013 seg\u00fan Res. 4196\/24<\/p>\n\n\n\n<p>(Se consideran UC con final aprobado)<\/p>\n\n\n\n<p><strong><u>Equivalencia autom\u00e1tica.<\/u><\/strong><\/p>\n\n\n\n<ul>\n<li>Este tipo de equivalencias se otorgar\u00e1, si y s\u00f3lo si, cuando la unidad curricular solicitada tenga la <strong><em>misma denominaci\u00f3n y contenido en los planes de estudio de las carreras vigentes en la jurisdicci\u00f3n.<\/em><\/strong><\/li>\n<\/ul>\n\n\n\n<p>Requisitos:<\/p>\n\n\n\n<p>Enviar por mail a <a href=\"mailto:isfd21.equivalencias@gmail.com\">isfd21.equivalencias@gmail.com<\/a> (hasta el 30\/04\/25) en el asunto consignar apellido y nombre del estudiante, y carrera:<\/p>\n\n\n\n<p><span style=\"font-size: revert;\">Planilla de solicitud completa y firmada (<\/span><a rel=\"noreferrer noopener\" style=\"font-size: revert;\" href=\"https:\/\/isfd21-bue.infd.edu.ar\/sitio\/wp-content\/uploads\/2025\/02\/Equivalencia-por-asignatura-2025.doc\" target=\"_blank\">link de descarga:<\/a><span style=\"font-size: revert;\">)T\u00edtulo docente, anal\u00edtico incompleto o informe interno de notas, en este \u00faltimo caso s\u00f3lo para alumnos del ISFD 21.<\/span><\/p>\n\n\n\n<p>Documento Nacional de Identidad, escaneado o en imagen clara y legible.<\/p>\n\n\n\n<p>El estudiante debe estar inscripto y cursando el espacio hasta ser notificado del resultado de la solicitud.<\/p>\n\n\n\n<p><strong><u>Equivalencia total o parcial.<\/u><\/strong><\/p>\n\n\n\n<p><\/p>\n\n\n\n<p>La equivalencia de UC podr\u00e1 ser completa o parcial. En ambos casos, <strong><em>se ponderan los saberes acreditados en carreras del nivel superior (terciarios o universidades) reconocidas.<\/em><\/strong><\/p>\n\n\n\n<p>Requisitos:<\/p>\n\n\n\n<p>Enviar por mail a <a href=\"mailto:isfd21.equivalencias@gmail.com\">isfd21.equivalencias@gmail.com<\/a> (hasta el 30\/04\/26) en el asunto consignar apellido y nombre del estudiante y carrera:<\/p>\n\n\n\n<p>*Documento Nacional de Identidad, escaneado o en imagen clara y legible.<\/p>\n\n\n\n<p>*<span style=\"font-size: revert;\">Planilla de solicitud completa y firmada. <\/span><em style=\"font-size: revert;\">Una planilla por cada UC solicitada<\/em><span style=\"font-size: revert;\"> y en diferentes archivos. (<\/span><a rel=\"noreferrer noopener\" style=\"font-size: revert;\" href=\"https:\/\/isfd21-bue.infd.edu.ar\/sitio\/wp-content\/uploads\/2025\/02\/Equivalencia-por-asignatura-2025.doc\" target=\"_blank\">link de descarga:<\/a><span style=\"font-size: revert;\">)<\/span><\/p>\n\n\n\n<p>*T\u00edtulo docente, anal\u00edtico incompleto o informe interno de notas, en este \u00faltimo caso s\u00f3lo para alumnos del ISFD 21.<\/p>\n\n\n\n<p>*El\/los programa\/s de las UC deber\u00e1n ser presentados debidamente legalizados y foliados y contener (carga horaria de cursada, contenidos y bibliograf\u00eda). Enviar tantos archivos como programas de materias presenten para ser reconocidas.<\/p>\n\n\n\n<div class=\"wp-block-group is-vertical is-layout-flex wp-container-1\">\n<p>*El estudiante debe estar inscripto y cursando el espacio hasta ser notificado del resultado de la solicitud.<\/p>\n\n\n\n<p>Cumplir con los requisitos acad\u00e9micos que se establezcan en el caso de una equivalencia parcial.<\/p>\n\n\n\n<p><\/p>\n<\/div>\n\n\n\n<p><\/p>\n\n\n\n<p class=\"has-text-align-center has-medium-font-size\"><strong>SE RUEGA RESPETAR LOS REQUISITOS MENCIONADOS, CASO CONTRARIO PEDIREMOS REENVIAR LA DOCUMENTACI\u00d3N COMO CORRESPONDE.<\/strong><\/p>\n\n\n\n<div class=\"wp-block-file\"><a id=\"wp-block-file--media-f024ac61-f1a8-4c98-8828-8c5159723eb7\" href=\"https:\/\/isfd21-bue.infd.edu.ar\/sitio\/wp-content\/uploads\/2025\/02\/Equivalencia-por-asignatura-2025.doc\">Equivalencia-por-asignatura-2025<\/a><a href=\"https:\/\/isfd21-bue.infd.edu.ar\/sitio\/wp-content\/uploads\/2025\/02\/Equivalencia-por-asignatura-2025.doc\" class=\"wp-block-file__button wp-element-button\" download aria-describedby=\"wp-block-file--media-f024ac61-f1a8-4c98-8828-8c5159723eb7\">Descarga<\/a><\/div>\n\n\n\n<hr class=\"wp-block-separator has-alpha-channel-opacity\"\/>\n\n\n\n<h4 class=\"wp-block-heading\"><img decoding=\"async\" loading=\"lazy\" src=\"https:\/\/isfd21-bue.infd.edu.ar\/sitio\/wp-content\/uploads\/2021\/04\/41395fedd4f90c4aeb1f27ec89442f06.gif\" alt=\"\" width=\"42\" height=\"50\"><strong><em>\u00bfC\u00d3MO LEER EL INFORME INTERNO DE NOTAS?<\/em><\/strong><img decoding=\"async\" loading=\"lazy\" src=\"https:\/\/isfd21-bue.infd.edu.ar\/sitio\/wp-content\/uploads\/2021\/04\/41395fedd4f90c4aeb1f27ec89442f06.gif\" alt=\"\" width=\"42\" height=\"50\"><\/h4>\n\n\n<div class=\"wp-block-image\">\n<figure class=\"alignleft\"><img decoding=\"async\" loading=\"lazy\" width=\"646\" height=\"580\" src=\"https:\/\/isfd21-bue.infd.edu.ar\/sitio\/wp-content\/uploads\/2021\/04\/INFORME-INTERNO-DE-NOTAS.jpg\" alt=\"\" class=\"wp-image-3495\"\/><\/figure><\/div>\n\n\n<h4 class=\"wp-block-heading\">&nbsp;<\/h4>\n\n\n\n<p><\/p>\n\n\n\n<p><\/p>\n\n\n\n<p><\/p>\n\n\n\n<p><\/p>\n\n\n\n<p><\/p>\n\n\n\n<p><\/p>\n\n\n\n<p><\/p>\n\n\n\n<p><\/p>\n\n\n\n<p><\/p>\n\n\n\n<p><\/p>\n\n\n\n<p><\/p>\n\n\n\n<p><\/p>\n\n\n\n<figure class=\"wp-block-image is-resized\"><a href=\"https:\/\/isfd21-bue.infd.edu.ar\/sitio\/estudiantes\/\"><img decoding=\"async\" loading=\"lazy\" src=\"https:\/\/isfd21-bue.infd.edu.ar\/sitio\/wp-content\/uploads\/2020\/03\/ir-a-inicio.png\" alt=\"\" class=\"wp-image-1473\" width=\"100\" height=\"93\"\/><\/a><\/figure>\n\n\n\n<p id=\"block-bc056923-877a-4231-935b-0949512aaf60\">&nbsp;<\/p>\n","protected":false},"excerpt":{"rendered":"<p>Solicitud de equivalencias \u2013 seg\u00fan Res. 4196\/24 (Se consideran UC con final aprobado) Equivalencia autom\u00e1tica. Requisitos: Enviar por mail a isfd21.equivalencias@gmail.com (hasta el 30\/04\/25) en el asunto consignar apellido y nombre del estudiante, y carrera: Planilla de solicitud completa y firmada (link de descarga:)T\u00edtulo docente, anal\u00edtico incompleto o informe interno de notas, en este \u00faltimo &#8230; <a title=\"EQUIVALENCIAS 2026 DESDE EL 09\/03 AL 30\/04                   (PARA SER RECONOCIDAS POR NUESTRO INSTITUTO)\" class=\"read-more\" href=\"https:\/\/isfd21-bue.infd.edu.ar\/sitio\/equivalencias-2\/\" aria-label=\"More on EQUIVALENCIAS 2026 DESDE EL 09\/03 AL 30\/04                   (PARA SER RECONOCIDAS POR NUESTRO INSTITUTO)\">[+]<\/a><\/p>\n","protected":false},"author":4673,"featured_media":0,"parent":0,"menu_order":0,"comment_status":"closed","ping_status":"closed","template":"","meta":[],"acf":[],"_links":{"self":[{"href":"https:\/\/isfd21-bue.infd.edu.ar\/sitio\/wp-json\/wp\/v2\/pages\/8268"}],"collection":[{"href":"https:\/\/isfd21-bue.infd.edu.ar\/sitio\/wp-json\/wp\/v2\/pages"}],"about":[{"href":"https:\/\/isfd21-bue.infd.edu.ar\/sitio\/wp-json\/wp\/v2\/types\/page"}],"author":[{"embeddable":true,"href":"https:\/\/isfd21-bue.infd.edu.ar\/sitio\/wp-json\/wp\/v2\/users\/4673"}],"replies":[{"embeddable":true,"href":"https:\/\/isfd21-bue.infd.edu.ar\/sitio\/wp-json\/wp\/v2\/comments?post=8268"}],"version-history":[{"count":22,"href":"https:\/\/isfd21-bue.infd.edu.ar\/sitio\/wp-json\/wp\/v2\/pages\/8268\/revisions"}],"predecessor-version":[{"id":14039,"href":"https:\/\/isfd21-bue.infd.edu.ar\/sitio\/wp-json\/wp\/v2\/pages\/8268\/revisions\/14039"}],"wp:attachment":[{"href":"https:\/\/isfd21-bue.infd.edu.ar\/sitio\/wp-json\/wp\/v2\/media?parent=8268"}],"curies":[{"name":"wp","href":"https:\/\/api.w.org\/{rel}","templated":true}]}}