{"id":4696,"date":"2021-12-20T18:08:44","date_gmt":"2021-12-20T21:08:44","guid":{"rendered":"https:\/\/isfd21-bue.infd.edu.ar\/sitio\/?page_id=4696"},"modified":"2022-04-20T16:58:49","modified_gmt":"2022-04-20T19:58:49","slug":"inscripcion-mesas-febrero-marzo-2022","status":"publish","type":"page","link":"https:\/\/isfd21-bue.infd.edu.ar\/sitio\/inscripcion-mesas-febrero-marzo-2022\/","title":{"rendered":"INSCRIPCI\u00d3N MESAS FEBRERO\/MARZO 2022"},"content":{"rendered":"\n<p class=\"has-text-align-center has-white-color has-vivid-red-background-color has-text-color has-background\" style=\"font-size:34px\"><strong>INSCRIPCIONES A MESAS DEL 23\/12 AL 31\/12<\/strong><\/p>\n\n\n\n<h2 class=\"has-text-align-center wp-block-heading\" style=\"font-size:31px\"><em><strong>Fechas de turno de mesas de examen <\/strong><\/em><\/h2>\n\n\n\n<h2 class=\"has-text-align-center wp-block-heading\" style=\"font-size:31px\"><em><strong>FEBRERO\/MARZO <\/strong><\/em>2022 (<em><strong><a href=\"https:\/\/drive.google.com\/drive\/folders\/19pnRW6mruy-t2Vn4rCZPQ8cJr065fFGQ?usp=sharing\" target=\"_blank\" rel=\"noreferrer noopener\">CLIC AQU\u00cd&nbsp;<\/a><\/strong><\/em>)<em><strong>, <\/strong><\/em><\/h2>\n\n\n\n<h2 class=\"has-text-align-center wp-block-heading\" style=\"font-size:31px\"><em><strong>del 21\/02 al 09\/04<\/strong><\/em>, las mismas pueden tener modificaciones.  <\/h2>\n\n\n\n<p style=\"font-size:27px\"><em><strong>FORMULARIOS DE INSCRIPCI\u00d3N POR CARRERA: <a href=\"https:\/\/isfd21-bue.infd.edu.ar\/sitio\/4328-2\/\" target=\"_blank\" rel=\"noreferrer noopener\">CLIC AQU\u00cd<\/a> (se activa d\u00eda jueves 23) <\/strong><\/em><\/p>\n\n\n\n<p style=\"font-size:31px\"><em><strong>CAMBIOS DE FECHAS DE MESAS<\/strong><\/em><\/p>\n\n\n\n<div class=\"wp-block-columns alignwide are-vertically-aligned-center is-layout-flex wp-container-3\">\n<div class=\"wp-block-column is-vertically-aligned-center is-layout-flow\">\n<div class=\"wp-block-image\"><figure class=\"aligncenter size-large is-resized\"><img decoding=\"async\" loading=\"lazy\" src=\"https:\/\/isfd21-bue.infd.edu.ar\/sitio\/wp-content\/uploads\/2021\/12\/1-1-1343x1900.jpg\" alt=\"\" class=\"wp-image-4700\" width=\"443\" height=\"626\" srcset=\"https:\/\/isfd21-bue.infd.edu.ar\/sitio\/wp-content\/uploads\/2021\/12\/1-1-1343x1900.jpg 1343w, https:\/\/isfd21-bue.infd.edu.ar\/sitio\/wp-content\/uploads\/2021\/12\/1-1-707x1000.jpg 707w, https:\/\/isfd21-bue.infd.edu.ar\/sitio\/wp-content\/uploads\/2021\/12\/1-1-768x1086.jpg 768w, https:\/\/isfd21-bue.infd.edu.ar\/sitio\/wp-content\/uploads\/2021\/12\/1-1-1086x1536.jpg 1086w, https:\/\/isfd21-bue.infd.edu.ar\/sitio\/wp-content\/uploads\/2021\/12\/1-1-1448x2048.jpg 1448w, https:\/\/isfd21-bue.infd.edu.ar\/sitio\/wp-content\/uploads\/2021\/12\/1-1.jpg 1587w\" sizes=\"(max-width: 443px) 100vw, 443px\" \/><\/figure><\/div>\n<\/div>\n\n\n\n<div class=\"wp-block-column is-vertically-aligned-center is-layout-flow\">\n<div class=\"wp-block-image\"><figure class=\"aligncenter size-large is-resized\"><img decoding=\"async\" loading=\"lazy\" src=\"https:\/\/isfd21-bue.infd.edu.ar\/sitio\/wp-content\/uploads\/2021\/12\/2-1343x1900.jpg\" alt=\"\" class=\"wp-image-4701\" width=\"437\" height=\"617\" srcset=\"https:\/\/isfd21-bue.infd.edu.ar\/sitio\/wp-content\/uploads\/2021\/12\/2-1343x1900.jpg 1343w, https:\/\/isfd21-bue.infd.edu.ar\/sitio\/wp-content\/uploads\/2021\/12\/2-707x1000.jpg 707w, https:\/\/isfd21-bue.infd.edu.ar\/sitio\/wp-content\/uploads\/2021\/12\/2-768x1086.jpg 768w, https:\/\/isfd21-bue.infd.edu.ar\/sitio\/wp-content\/uploads\/2021\/12\/2-1086x1536.jpg 1086w, https:\/\/isfd21-bue.infd.edu.ar\/sitio\/wp-content\/uploads\/2021\/12\/2-1448x2048.jpg 1448w, https:\/\/isfd21-bue.infd.edu.ar\/sitio\/wp-content\/uploads\/2021\/12\/2.jpg 1587w\" sizes=\"(max-width: 437px) 100vw, 437px\" \/><\/figure><\/div>\n<\/div>\n<\/div>\n\n\n\n<h2 class=\"has-text-align-center wp-block-heading\"><\/h2>\n\n\n\n<div class=\"wp-block-image\"><figure class=\"aligncenter size-large is-resized\"><img decoding=\"async\" loading=\"lazy\" src=\"https:\/\/isfd21-bue.infd.edu.ar\/sitio\/wp-content\/uploads\/2021\/10\/A-special-birthday-treat-for-you.jpg\" alt=\"\" class=\"wp-image-4169\" width=\"380\" height=\"380\" srcset=\"https:\/\/isfd21-bue.infd.edu.ar\/sitio\/wp-content\/uploads\/2021\/10\/A-special-birthday-treat-for-you.jpg 1080w, https:\/\/isfd21-bue.infd.edu.ar\/sitio\/wp-content\/uploads\/2021\/10\/A-special-birthday-treat-for-you-1000x1000.jpg 1000w, https:\/\/isfd21-bue.infd.edu.ar\/sitio\/wp-content\/uploads\/2021\/10\/A-special-birthday-treat-for-you-500x500.jpg 500w, https:\/\/isfd21-bue.infd.edu.ar\/sitio\/wp-content\/uploads\/2021\/10\/A-special-birthday-treat-for-you-768x768.jpg 768w\" sizes=\"(max-width: 380px) 100vw, 380px\" \/><\/figure><\/div>\n","protected":false},"excerpt":{"rendered":"<p>INSCRIPCIONES A MESAS DEL 23\/12 AL 31\/12 Fechas de turno de mesas de examen FEBRERO\/MARZO 2022 (CLIC AQU\u00cd&nbsp;), del 21\/02 al 09\/04, las mismas pueden tener modificaciones. FORMULARIOS DE INSCRIPCI\u00d3N POR CARRERA: CLIC AQU\u00cd (se activa d\u00eda jueves 23) CAMBIOS DE FECHAS DE MESAS<\/p>\n","protected":false},"author":4673,"featured_media":0,"parent":0,"menu_order":0,"comment_status":"closed","ping_status":"closed","template":"","meta":[],"acf":[],"_links":{"self":[{"href":"https:\/\/isfd21-bue.infd.edu.ar\/sitio\/wp-json\/wp\/v2\/pages\/4696"}],"collection":[{"href":"https:\/\/isfd21-bue.infd.edu.ar\/sitio\/wp-json\/wp\/v2\/pages"}],"about":[{"href":"https:\/\/isfd21-bue.infd.edu.ar\/sitio\/wp-json\/wp\/v2\/types\/page"}],"author":[{"embeddable":true,"href":"https:\/\/isfd21-bue.infd.edu.ar\/sitio\/wp-json\/wp\/v2\/users\/4673"}],"replies":[{"embeddable":true,"href":"https:\/\/isfd21-bue.infd.edu.ar\/sitio\/wp-json\/wp\/v2\/comments?post=4696"}],"version-history":[{"count":7,"href":"https:\/\/isfd21-bue.infd.edu.ar\/sitio\/wp-json\/wp\/v2\/pages\/4696\/revisions"}],"predecessor-version":[{"id":5474,"href":"https:\/\/isfd21-bue.infd.edu.ar\/sitio\/wp-json\/wp\/v2\/pages\/4696\/revisions\/5474"}],"wp:attachment":[{"href":"https:\/\/isfd21-bue.infd.edu.ar\/sitio\/wp-json\/wp\/v2\/media?parent=4696"}],"curies":[{"name":"wp","href":"https:\/\/api.w.org\/{rel}","templated":true}]}}