{"id":3540,"date":"2021-04-29T17:43:58","date_gmt":"2021-04-29T20:43:58","guid":{"rendered":"https:\/\/isfd21-bue.infd.edu.ar\/sitio\/?page_id=3540"},"modified":"2021-04-29T17:43:58","modified_gmt":"2021-04-29T20:43:58","slug":"ingles-2021","status":"publish","type":"page","link":"https:\/\/isfd21-bue.infd.edu.ar\/sitio\/ingles-2021\/","title":{"rendered":"INGL\u00c9S 2021"},"content":{"rendered":"<p><a href=\"https:\/\/docs.google.com\/spreadsheets\/d\/1Sp8DGBj9VsxkzxXqK3DT2XRmrPY1UBOf_hCDyIa066s\/edit?usp=sharing\" target=\"_blank\" rel=\"noopener\">INGL\u00c9S PLAN ACTUAL-TURNO VESPERTINO-CURSADA VIRTUAL<\/a><\/p>\n<p><a href=\"https:\/\/docs.google.com\/spreadsheets\/d\/1zhmtgm00AzNaVHcV078YJpBkvBDleqz1smXUcVLFq0A\/edit?usp=sharing\" target=\"_blank\" rel=\"noopener\">INGL\u00c9S PLAN ACTUAL- TURNO MA\u00d1ANA- CURSADA VIRTUAL<\/a><\/p>\n<hr \/>\n<p><a href=\"https:\/\/docs.google.com\/spreadsheets\/d\/1uST1yWM1XdKVcB_c8o_fcySwcx6CuHX0R3jN-RoeI5s\/edit?usp=sharing\" target=\"_blank\" rel=\"noopener\">INGL\u00c9S PLAN ANTERIOR-TURNO MA\u00d1ANA<\/a><\/p>\n<p><a href=\"https:\/\/docs.google.com\/spreadsheets\/d\/1aU-mFTlYHZwrKl7tKrv9L6esAxwGJDY7KbWqMke9uUs\/edit?usp=sharing\" target=\"_blank\" rel=\"noopener\">INGL\u00c9S PLAN ANTERIOR-TURNO VESPERTINO<\/a><\/p>\n","protected":false},"excerpt":{"rendered":"<p>INGL\u00c9S PLAN ACTUAL-TURNO VESPERTINO-CURSADA VIRTUAL INGL\u00c9S PLAN ACTUAL- TURNO MA\u00d1ANA- CURSADA VIRTUAL INGL\u00c9S PLAN ANTERIOR-TURNO MA\u00d1ANA INGL\u00c9S PLAN ANTERIOR-TURNO VESPERTINO<\/p>\n","protected":false},"author":4673,"featured_media":0,"parent":0,"menu_order":0,"comment_status":"closed","ping_status":"closed","template":"","meta":[],"acf":[],"_links":{"self":[{"href":"https:\/\/isfd21-bue.infd.edu.ar\/sitio\/wp-json\/wp\/v2\/pages\/3540"}],"collection":[{"href":"https:\/\/isfd21-bue.infd.edu.ar\/sitio\/wp-json\/wp\/v2\/pages"}],"about":[{"href":"https:\/\/isfd21-bue.infd.edu.ar\/sitio\/wp-json\/wp\/v2\/types\/page"}],"author":[{"embeddable":true,"href":"https:\/\/isfd21-bue.infd.edu.ar\/sitio\/wp-json\/wp\/v2\/users\/4673"}],"replies":[{"embeddable":true,"href":"https:\/\/isfd21-bue.infd.edu.ar\/sitio\/wp-json\/wp\/v2\/comments?post=3540"}],"version-history":[{"count":1,"href":"https:\/\/isfd21-bue.infd.edu.ar\/sitio\/wp-json\/wp\/v2\/pages\/3540\/revisions"}],"predecessor-version":[{"id":3541,"href":"https:\/\/isfd21-bue.infd.edu.ar\/sitio\/wp-json\/wp\/v2\/pages\/3540\/revisions\/3541"}],"wp:attachment":[{"href":"https:\/\/isfd21-bue.infd.edu.ar\/sitio\/wp-json\/wp\/v2\/media?parent=3540"}],"curies":[{"name":"wp","href":"https:\/\/api.w.org\/{rel}","templated":true}]}}