{"id":3400,"date":"2021-04-09T17:06:57","date_gmt":"2021-04-09T20:06:57","guid":{"rendered":"https:\/\/isfd21-bue.infd.edu.ar\/sitio\/?page_id=3400"},"modified":"2026-05-08T11:52:42","modified_gmt":"2026-05-08T14:52:42","slug":"normativa","status":"publish","type":"page","link":"https:\/\/isfd21-bue.infd.edu.ar\/sitio\/normativa\/","title":{"rendered":"NORMATIVA"},"content":{"rendered":"<h5 id=\"rai-reglamento-academico-institucional\"><a href=\"https:\/\/drive.google.com\/drive\/folders\/1fGBocES8WjYZpHN9-SVaesb7WuTguGGf?usp=sharing\" target=\"_blank\" rel=\"noopener\">RAI (R\u00e9gimen Acad\u00e9mico Institucional<\/a>)<\/h5>\n<p><a href=\"https:\/\/isfd21-bue.infd.edu.ar\/sitio\/regimen-academico-marco\/\" target=\"_blank\" rel=\"noopener\">REGIMEN ACAD\u00c9MICO MARCO 2024<\/a><\/p>\n<p><a href=\"https:\/\/www.argentina.gob.ar\/educacion\/tramites\/convalidar-titulo-secundario-de-paises-con-convenio\">CONVALIDACI\u00d3N DE T\u00cdTULOS EXTRANJEROS<\/a><\/p>\n<p><a href=\"https:\/\/docs.google.com\/spreadsheets\/d\/1O2iWCv_jtLEbfWaJz1Y9gKaU5ltAuiaznqrlsxCuIao\/edit?fbclid=IwZXh0bgNhZW0CMTAAAR28x-bke9XKOzo9E660zxJ1EZQJy-hLIxlqisk7y10a7DzrOWmhJDQRLeE_aem_gB5agZeEDkjAALWcHsmbBA&amp;pli=1&amp;gid=285916894#gid=285916894\">APORTES DE ESTUDIANTES AL PROYECTO INSTITUCIONAL, POR CARRERA<\/a><\/p>\n<p><a href=\"https:\/\/isfd21-bue.infd.edu.ar\/sitio\/proyecto-institucional-ejes-de-la-fundamentacion\/\">PROYECTO INSTITUCIONAL -EJES DE LA FUNDAMENTACI\u00d3N<\/a><\/p>\n<p><a href=\"https:\/\/isfd21-bue.infd.edu.ar\/sitio\/wp-content\/uploads\/2023\/11\/AIC-ultima-version-con-aportes-2015.docx\" target=\"_blank\" rel=\"noopener\">ACUERDO INSTITUCIONAL DE CONVIVENCIA<\/a> (formar\u00e1 parte de nuestro proyecto institucional, est\u00e1n en revisi\u00f3n y actualizaci\u00f3n)<\/p>\n<p><a href=\"https:\/\/isfd21-bue.infd.edu.ar\/sitio\/wp-content\/uploads\/2023\/10\/CAI-del-ISFD-Nro21-Plan-de-evaluacion-de-los-aprendizajes..pdf\" target=\"_blank\" rel=\"noopener\">PLAN DE EVALUACI\u00d3N DE LOS APRENDIZAJES<\/a> (formar\u00e1 parte de nuestro proyecto institucional, est\u00e1n en revisi\u00f3n y actualizaci\u00f3n)<\/p>\n<p><a href=\"https:\/\/isfd21-bue.infd.edu.ar\/sitio\/normativa-para-concurso\/\">NORMATIVAS PARA CONCURSOS (COBERTURA DE MATERIAS)<\/a><\/p>\n<p><a href=\"https:\/\/isfd21-bue.infd.edu.ar\/sitio\/normativas\/\">NORMATIVAS DE NIVEL SUPERIOR<\/a><\/p>\n<p><a href=\"https:\/\/isfd21-bue.infd.edu.ar\/sitio\/wp-content\/uploads\/2020\/04\/LEY-DE-EDUCACI%C3%93N-NACIONAL.pdf\">LEY DE EDUCACI\u00d3N NACIONAL<\/a><\/p>\n<p><a href=\"https:\/\/isfd21-bue.infd.edu.ar\/sitio\/wp-content\/uploads\/2020\/04\/LEY-DE-EDUCACI%C3%93N-PROVINCIAL.pdf\">LEY DE EDUCACI\u00d3N PROVINCIAL<\/a><\/p>\n<p><a href=\"http:\/\/servicios.infoleg.gob.ar\/infolegInternet\/anexos\/25000-29999\/25394\/texact.htm\">LEY DE EDUCACI\u00d3N SUPERIOR<\/a><\/p>\n<p><a href=\"https:\/\/isfd21-bue.infd.edu.ar\/sitio\/wp-content\/uploads\/2020\/04\/ESTATUTO-DEL-DOCENTE.pdf\">ESTATUTO DEL DOCENTE<\/a><\/p>\n<p><a href=\"https:\/\/isfd21-bue.infd.edu.ar\/sitio\/wp-content\/uploads\/2020\/04\/REGLAMENTO-GENERAL-DE-INSTITUCIONES-EDUCATIVAS.pdf\">REGLAMENTO GENERAL DE INSTITUCIONES EDUCATIVAS<\/a><\/p>\n<p><a href=\"https:\/\/isfd21-bue.infd.edu.ar\/sitio\/wp-content\/uploads\/2020\/04\/CONVENCI%C3%93N-DE-LOS-DERECHOS-DEL-NI%C3%91O.pdf\">CONVENCI\u00d3N DE LOS DERECHOS DEL NI\u00d1O<\/a><\/p>\n<p><a href=\"http:\/\/servicios.infoleg.gob.ar\/infolegInternet\/anexos\/140000-144999\/141317\/norma.htm\">CONVENCI\u00d3N SOBRE LOS DERECHOS DE LAS PERSONAS CON DISCAPACIDAD<\/a><\/p>\n<p><a href=\"https:\/\/isfd21-bue.infd.edu.ar\/sitio\/wp-content\/uploads\/2024\/08\/Ley-11273.pdf\">LICENCIA POR MATERNIDAD PARA ESTUDIANTES<\/a><\/p>\n<p><a href=\"https:\/\/isfd21-bue.infd.edu.ar\/sitio\/\"><img decoding=\"async\" loading=\"lazy\" class=\"alignnone wp-image-1473\" src=\"https:\/\/isfd21-bue.infd.edu.ar\/sitio\/wp-content\/uploads\/2020\/03\/ir-a-inicio.png\" alt=\"\" width=\"129\" height=\"120\" \/><\/a><\/p>\n","protected":false},"excerpt":{"rendered":"<p>RAI (R\u00e9gimen Acad\u00e9mico Institucional) REGIMEN ACAD\u00c9MICO MARCO 2024 CONVALIDACI\u00d3N DE T\u00cdTULOS EXTRANJEROS APORTES DE ESTUDIANTES AL PROYECTO INSTITUCIONAL, POR CARRERA PROYECTO INSTITUCIONAL -EJES DE LA FUNDAMENTACI\u00d3N ACUERDO INSTITUCIONAL DE CONVIVENCIA (formar\u00e1 parte de nuestro proyecto institucional, est\u00e1n en revisi\u00f3n y actualizaci\u00f3n) PLAN DE EVALUACI\u00d3N DE LOS APRENDIZAJES (formar\u00e1 parte de nuestro proyecto institucional, est\u00e1n en &#8230; <a title=\"NORMATIVA\" class=\"read-more\" href=\"https:\/\/isfd21-bue.infd.edu.ar\/sitio\/normativa\/\" aria-label=\"More on NORMATIVA\">[+]<\/a><\/p>\n","protected":false},"author":4673,"featured_media":0,"parent":0,"menu_order":0,"comment_status":"closed","ping_status":"closed","template":"","meta":[],"acf":[],"_links":{"self":[{"href":"https:\/\/isfd21-bue.infd.edu.ar\/sitio\/wp-json\/wp\/v2\/pages\/3400"}],"collection":[{"href":"https:\/\/isfd21-bue.infd.edu.ar\/sitio\/wp-json\/wp\/v2\/pages"}],"about":[{"href":"https:\/\/isfd21-bue.infd.edu.ar\/sitio\/wp-json\/wp\/v2\/types\/page"}],"author":[{"embeddable":true,"href":"https:\/\/isfd21-bue.infd.edu.ar\/sitio\/wp-json\/wp\/v2\/users\/4673"}],"replies":[{"embeddable":true,"href":"https:\/\/isfd21-bue.infd.edu.ar\/sitio\/wp-json\/wp\/v2\/comments?post=3400"}],"version-history":[{"count":16,"href":"https:\/\/isfd21-bue.infd.edu.ar\/sitio\/wp-json\/wp\/v2\/pages\/3400\/revisions"}],"predecessor-version":[{"id":14705,"href":"https:\/\/isfd21-bue.infd.edu.ar\/sitio\/wp-json\/wp\/v2\/pages\/3400\/revisions\/14705"}],"wp:attachment":[{"href":"https:\/\/isfd21-bue.infd.edu.ar\/sitio\/wp-json\/wp\/v2\/media?parent=3400"}],"curies":[{"name":"wp","href":"https:\/\/api.w.org\/{rel}","templated":true}]}}