{"id":3227,"date":"2021-03-16T15:23:56","date_gmt":"2021-03-16T18:23:56","guid":{"rendered":"https:\/\/isfd21-bue.infd.edu.ar\/sitio\/?page_id=3227"},"modified":"2021-10-01T18:59:59","modified_gmt":"2021-10-01T21:59:59","slug":"ciclo-lectivo-2021","status":"publish","type":"page","link":"https:\/\/isfd21-bue.infd.edu.ar\/sitio\/ciclo-lectivo-2021\/","title":{"rendered":"CICLO LECTIVO 2021"},"content":{"rendered":"<h2><a href=\"https:\/\/isfd21-bue.infd.edu.ar\/sitio\/inscripcion-2o-a-4o\/\" target=\"_blank\" rel=\"noopener\"><strong><span style=\"color: #3366ff;\">INSCRIPCI\u00d3N A CURSADAS 2021 (NO PARA INGRESANTES)<\/span><\/strong><\/a><\/h2>\n<h2><a href=\"https:\/\/drive.google.com\/drive\/folders\/19kLnakFoXW9NPHuGcvEODDdguXw7Ctqm?usp=sharing\" target=\"_blank\" rel=\"noopener\"><span style=\"color: #3366ff;\">HORARIOS 2021<\/span><\/a><\/h2>\n<h2><a href=\"https:\/\/drive.google.com\/drive\/folders\/1POWe3nvyy9kHnMcShDN0IUUF7Mrwynn-?usp=sharing\" target=\"_blank\" rel=\"noopener\"><span style=\"color: #3366ff;\"><strong>CORRELATIVAS<\/strong><\/span><\/a><\/h2>\n<hr \/>\n<h2><a href=\"https:\/\/isfd21-bue.infd.edu.ar\/sitio\/acompanamiento-pedagogico-2021\/\" target=\"_blank\" rel=\"noopener\"><span style=\"color: #3366ff;\">ACOMPA\u00d1AMIENTO PEDAG\u00d3GICO VIRTUAL<\/span><\/a><\/h2>\n<hr \/>\n<h2><a href=\"https:\/\/isfd21-bue.infd.edu.ar\/sitio\/inscripciones-a-mesas\/\" target=\"_blank\" rel=\"noopener\"><span style=\"color: #3366ff;\">TURNOS DE EXAMENES<\/span><\/a><\/h2>\n<p><a href=\"https:\/\/isfd21-bue.infd.edu.ar\/sitio\/\"><img decoding=\"async\" loading=\"lazy\" class=\"alignnone wp-image-1473\" src=\"https:\/\/isfd21-bue.infd.edu.ar\/sitio\/wp-content\/uploads\/2020\/03\/ir-a-inicio.png\" alt=\"\" width=\"129\" height=\"120\" \/><\/a><\/p>\n","protected":false},"excerpt":{"rendered":"<p>INSCRIPCI\u00d3N A CURSADAS 2021 (NO PARA INGRESANTES) HORARIOS 2021 CORRELATIVAS ACOMPA\u00d1AMIENTO PEDAG\u00d3GICO VIRTUAL TURNOS DE EXAMENES<\/p>\n","protected":false},"author":4673,"featured_media":0,"parent":0,"menu_order":0,"comment_status":"closed","ping_status":"closed","template":"","meta":[],"acf":[],"_links":{"self":[{"href":"https:\/\/isfd21-bue.infd.edu.ar\/sitio\/wp-json\/wp\/v2\/pages\/3227"}],"collection":[{"href":"https:\/\/isfd21-bue.infd.edu.ar\/sitio\/wp-json\/wp\/v2\/pages"}],"about":[{"href":"https:\/\/isfd21-bue.infd.edu.ar\/sitio\/wp-json\/wp\/v2\/types\/page"}],"author":[{"embeddable":true,"href":"https:\/\/isfd21-bue.infd.edu.ar\/sitio\/wp-json\/wp\/v2\/users\/4673"}],"replies":[{"embeddable":true,"href":"https:\/\/isfd21-bue.infd.edu.ar\/sitio\/wp-json\/wp\/v2\/comments?post=3227"}],"version-history":[{"count":18,"href":"https:\/\/isfd21-bue.infd.edu.ar\/sitio\/wp-json\/wp\/v2\/pages\/3227\/revisions"}],"predecessor-version":[{"id":4850,"href":"https:\/\/isfd21-bue.infd.edu.ar\/sitio\/wp-json\/wp\/v2\/pages\/3227\/revisions\/4850"}],"wp:attachment":[{"href":"https:\/\/isfd21-bue.infd.edu.ar\/sitio\/wp-json\/wp\/v2\/media?parent=3227"}],"curies":[{"name":"wp","href":"https:\/\/api.w.org\/{rel}","templated":true}]}}