{"id":286,"date":"2016-10-31T13:17:59","date_gmt":"2016-10-31T16:17:59","guid":{"rendered":"https:\/\/isfd21-bue.infd.edu.ar\/sitio\/?page_id=286"},"modified":"2026-05-08T17:09:50","modified_gmt":"2026-05-08T20:09:50","slug":"inicio","status":"publish","type":"page","link":"https:\/\/isfd21-bue.infd.edu.ar\/sitio\/","title":{"rendered":""},"content":{"rendered":"\n<div class=\"wp-block-buttons is-content-justification-center is-layout-flex wp-container-1\"><\/div>\n\n\n\n<div class=\"alignnormal\"><div id=\"metaslider-id-12188\" style=\"width: 100%;\" class=\"ml-slider-3-33-0 metaslider metaslider-nivo metaslider-12188 ml-slider ms-theme-default\" role=\"region\" aria-roledescription=\"Slideshow\" aria-label=\"Slideshow\">\n    <div id=\"metaslider_container_12188\">\n        <div class='slider-wrapper theme-default'><div class='ribbon'><\/div><div id='metaslider_12188' class='nivoSlider'><img src=\"https:\/\/isfd21-bue.infd.edu.ar\/sitio\/wp-content\/uploads\/2026\/02\/Pastel-Gris-y-Rosa-Morado-Redondo-y-Amable-Reglas-del-Aula-Presentacion-de-Educacion-6-1500x800.jpg\" height=\"800\" width=\"1500\" title=\"Pastel Gris y Rosa Morado Redondo y Amable Reglas del Aula Presentaci\u00f3n de Educaci\u00f3n (6)\" alt=\"\" class=\"slider-12188 slide-12189\" \/><a href=\"https:\/\/drive.google.com\/drive\/folders\/1pVMB0QpVakhEAR3NT7Ee8lfrbIqEBYAg?usp=sharing\" target=\"_blank\"><img src=\"https:\/\/isfd21-bue.infd.edu.ar\/sitio\/wp-content\/uploads\/2025\/03\/Pastel-Gris-y-Rosa-Morado-Redondo-y-Amable-Reglas-del-Aula-Presentacion-de-Educacion-3-1500x800.jpg\" height=\"800\" width=\"1500\" title=\"Pastel Gris y Rosa Morado Redondo y Amable Reglas del Aula Presentaci\u00f3n de Educaci\u00f3n (3)\" alt=\"\" class=\"slider-12188 slide-12524\" \/><\/a><\/div><\/div>\n        \n    <\/div>\n<\/div><\/div>\n\n\n\n<div class=\"wp-block-columns is-layout-flex wp-container-6\">\n<div class=\"wp-block-column is-layout-flow\" style=\"flex-basis:33.33%\">\n<div class=\"wp-block-group is-vertical is-layout-flex wp-container-3\">\n<p style=\"font-size:30px\">&#x1f4cc;<strong>INFORMACI\u00d3N<\/strong><\/p>\n\n\n\n<p>            <a href=\"https:\/\/isfd21-bue.infd.edu.ar\/sitio\/novedades-generales\/\" target=\"_blank\" rel=\"noreferrer noopener\">NOVEDADES<\/a><\/p>\n\n\n\n<p><a href=\"https:\/\/isfd21-bue.infd.edu.ar\/sitio\/importante-2\/\" target=\"_blank\" rel=\"noreferrer noopener\">            NORMATIVA VIGENTE<\/a><\/p>\n\n\n\n<p>            <a href=\"https:\/\/isfd21-bue.infd.edu.ar\/sitio\/normativas\/\" target=\"_blank\" rel=\"noreferrer noopener\">NORMATIVA SUPERIOR<\/a><\/p>\n\n\n\n<p><a rel=\"noreferrer noopener\" href=\"https:\/\/isfd21-bue.infd.edu.ar\/sitio\/estudiantes\/\" target=\"_blank\">            PREGUNTAS FRECUENTES<\/a><\/p>\n\n\n\n<p><\/p>\n\n\n\n<p style=\"font-size:30px\">&#x1f4dd;<strong>INSCRIPCIONES<\/strong><\/p>\n\n\n\n<div class=\"wp-block-group is-vertical is-layout-flex wp-container-2\">\n<p>           <a href=\"https:\/\/isfd21-bue.infd.edu.ar\/sitio\/inscripciones-ingresantes\/\" target=\"_blank\" rel=\"noreferrer noopener\">INGRESANTES<\/a><\/p>\n\n\n\n<p>           <a rel=\"noreferrer noopener\" href=\"https:\/\/isfd21-bue.infd.edu.ar\/sitio\/rematriculacion\/\" target=\"_blank\">REMATRICULACI\u00d3N<\/a><\/p>\n\n\n\n<p><\/p>\n\n\n\n<p style=\"font-size:30px\"><strong>&#x1f3eb;VIDA ACAD\u00c9MICA<\/strong><\/p>\n\n\n\n<p>            <a href=\"https:\/\/isfd21-bue.infd.edu.ar\/sitio\/horarios\/\" target=\"_blank\" rel=\"noreferrer noopener\">HORARIOS<\/a><\/p>\n\n\n\n<p>            <a href=\"https:\/\/isfd21-bue.infd.edu.ar\/sitio\/turnos-de-examenes\/\" target=\"_blank\" rel=\"noreferrer noopener\">MESAS DE EXAMEN<\/a><\/p>\n\n\n\n<p>            <a href=\"https:\/\/isfd21-bue.infd.edu.ar\/sitio\/cronograma\/\" target=\"_blank\" rel=\"noreferrer noopener\">CRONOGRAMA<\/a><\/p>\n\n\n\n<p>            <a rel=\"noreferrer noopener\" href=\"https:\/\/isfd21-bue.infd.edu.ar\/sitio\/cambio-de-plan\/\" target=\"_blank\">CAMBIOS DE PLAN<\/a><\/p>\n\n\n\n<p><\/p>\n\n\n\n<p style=\"font-size:30px\">&#x1f4cb;<strong>TR\u00c1MITES<\/strong><\/p>\n\n\n\n<p>            <a href=\"https:\/\/isfd21-bue.infd.edu.ar\/sitio\/pedido-de-constancias\/\" target=\"_blank\" rel=\"noreferrer noopener\">CONSTANCIAS<\/a><\/p>\n\n\n\n<p>            <a rel=\"noreferrer noopener\" href=\"https:\/\/isfd21-bue.infd.edu.ar\/sitio\/tramites-2\/\" target=\"_blank\">TIR\u00c1MITES<\/a><\/p>\n\n\n\n<p><\/p>\n\n\n\n<p style=\"font-size:30px\"><strong>&#x1f465;COMUNIDAD<\/strong><\/p>\n\n\n\n<p><a href=\"https:\/\/isfd21-bue.infd.edu.ar\/sitio\/nuestros-docentes-publican-2\/\" target=\"_blank\" rel=\"noreferrer noopener\">             NUESTROS DOCENTES PUBLICAN<\/a><\/p>\n\n\n\n<p>             <\/p>\n<\/div>\n<\/div>\n<\/div>\n\n\n\n<div class=\"wp-block-column is-layout-flow\" style=\"flex-basis:66.66%\">\n<div class=\"alignnormal\"><div id=\"metaslider-id-1393\" style=\"max-width: 1000px;\" class=\"ml-slider-3-33-0 metaslider metaslider-nivo metaslider-1393 ml-slider ms-theme-default\" role=\"region\" aria-roledescription=\"Slideshow\" aria-label=\"Slideshow\">\n    <div id=\"metaslider_container_1393\">\n        <div class='slider-wrapper theme-default'><div class='ribbon'><\/div><div id='metaslider_1393' class='nivoSlider'><a href=\"https:\/\/isfd21-bue.infd.edu.ar\/sitio\/inscripciones-ingresantes\/\" target=\"_self\"><img src=\"https:\/\/isfd21-bue.infd.edu.ar\/sitio\/wp-content\/uploads\/2026\/04\/Copia-de-somos-sede-de-postitulo-1-1000x1200.jpg\" height=\"1200\" width=\"1000\" title=\"Copia de somos sede de post\u00edtulo (1)\" alt=\"\" class=\"slider-1393 slide-12916\" \/><\/a><img src=\"https:\/\/isfd21-bue.infd.edu.ar\/sitio\/wp-content\/uploads\/2026\/04\/Copia-de-somos-sede-de-postitulo-1000x1200.jpg\" height=\"1200\" width=\"1000\" title=\"Copia de somos sede de post\u00edtulo\" alt=\"\" class=\"slider-1393 slide-14029\" \/><\/div><\/div>\n        \n    <\/div>\n<\/div><\/div>\n<\/div>\n<\/div>\n\n\n\n<div class=\"wp-block-columns has-white-background-color has-background is-layout-flex wp-container-9\">\n<div class=\"wp-block-column is-layout-flow\">\n<h5 class=\"wp-block-heading\"><img decoding=\"async\" loading=\"lazy\" src=\"https:\/\/isfd21-bue.infd.edu.ar\/sitio\/wp-content\/uploads\/2021\/03\/LOGO-FACEBOOK.png\" alt=\"\" width=\"42\" height=\"42\"><a href=\"https:\/\/www.facebook.com\/groups\/523982381290540\" target=\"_blank\" rel=\"noreferrer noopener\"><strong><em>Instituto Dr. Ricardo Rojas Moreno&nbsp;<\/em><\/strong><\/a><em><strong>(Grupo cerrado, solo para estudiantes del ISFD N\u00ba21)<\/strong><\/em><\/h5>\n<p><img decoding=\"async\" style=\"width: 45px;\" src=\"https:\/\/isfd21-bue.infd.edu.ar\/sitio\/wp-content\/uploads\/2021\/03\/LOGO-INSTAGRAM.png\" alt=\"\"><strong><em><a rel=\"noreferrer noopener\" href=\"https:\/\/www.instagram.com\/institutoricardorojas\/\" target=\"_blank\">@institutoricardorojas<\/a><\/em><\/strong><\/p>\n\n\n\n<h4 class=\"wp-block-heading\" id=\"block-626037e5-520d-418d-ab4c-69823fd352ee\"><em>CUE: 060643600<\/em> \/ <em>Regi\u00f3n IX<\/em> \/ <em>Distrito 073<\/em><\/h4>\n<\/div>\n\n\n\n<div class=\"wp-block-column is-layout-flow\">\n<p>\u00bfD\u00f3nde se encuentra el Instituto Ricardo Rojas?<\/p>\n\n\n\n<p><strong><em>Merlo N\u00ba 2591- Moreno (CP 1744)<\/em><\/strong><\/p>\n\n\n\n<figure class=\"wp-block-embed\"><div class=\"wp-block-embed__wrapper\">\n<iframe src=\"https:\/\/www.google.com\/maps\/embed?pb=!1m18!1m12!1m3!1d3282.2386898591253!2d-58.789026587626026!3d-34.64867445976269!2m3!1f0!2f0!3f0!3m2!1i1024!2i768!4f13.1!3m3!1m2!1s0x95bc94547b997719%3A0x8372578642fd1369!2sMerlo%202591%2C%20B1744OEM%20Moreno%2C%20Provincia%20de%20Buenos%20Aires!5e0!3m2!1ses-419!2sar!4v1714154366964!5m2!1ses-419!2sar\" width=\"600\" height=\"450\" style=\"border:0;\" allowfullscreen=\"\" loading=\"lazy\" referrerpolicy=\"no-referrer-when-downgrade\"><\/iframe>\n<\/div><\/figure>\n<\/div>\n<\/div>\n\n\n\n<p><\/p>\n","protected":false},"excerpt":{"rendered":"<p>&#x1f4cc;INFORMACI\u00d3N NOVEDADES NORMATIVA VIGENTE NORMATIVA SUPERIOR PREGUNTAS FRECUENTES &#x1f4dd;INSCRIPCIONES INGRESANTES REMATRICULACI\u00d3N &#x1f3eb;VIDA ACAD\u00c9MICA HORARIOS MESAS DE EXAMEN CRONOGRAMA CAMBIOS DE PLAN &#x1f4cb;TR\u00c1MITES CONSTANCIAS TIR\u00c1MITES &#x1f465;COMUNIDAD NUESTROS DOCENTES PUBLICAN Instituto Dr. Ricardo Rojas Moreno&nbsp;(Grupo cerrado, solo para estudiantes del ISFD N\u00ba21) @institutoricardorojas CUE: 060643600 \/ Regi\u00f3n IX \/ Distrito 073 \u00bfD\u00f3nde se encuentra el Instituto Ricardo &#8230; <a title=\"\" class=\"read-more\" href=\"https:\/\/isfd21-bue.infd.edu.ar\/sitio\/\" aria-label=\"More on \">[+]<\/a><\/p>\n","protected":false},"author":1,"featured_media":0,"parent":0,"menu_order":1,"comment_status":"closed","ping_status":"closed","template":"","meta":[],"acf":[],"_links":{"self":[{"href":"https:\/\/isfd21-bue.infd.edu.ar\/sitio\/wp-json\/wp\/v2\/pages\/286"}],"collection":[{"href":"https:\/\/isfd21-bue.infd.edu.ar\/sitio\/wp-json\/wp\/v2\/pages"}],"about":[{"href":"https:\/\/isfd21-bue.infd.edu.ar\/sitio\/wp-json\/wp\/v2\/types\/page"}],"author":[{"embeddable":true,"href":"https:\/\/isfd21-bue.infd.edu.ar\/sitio\/wp-json\/wp\/v2\/users\/1"}],"replies":[{"embeddable":true,"href":"https:\/\/isfd21-bue.infd.edu.ar\/sitio\/wp-json\/wp\/v2\/comments?post=286"}],"version-history":[{"count":765,"href":"https:\/\/isfd21-bue.infd.edu.ar\/sitio\/wp-json\/wp\/v2\/pages\/286\/revisions"}],"predecessor-version":[{"id":14719,"href":"https:\/\/isfd21-bue.infd.edu.ar\/sitio\/wp-json\/wp\/v2\/pages\/286\/revisions\/14719"}],"wp:attachment":[{"href":"https:\/\/isfd21-bue.infd.edu.ar\/sitio\/wp-json\/wp\/v2\/media?parent=286"}],"curies":[{"name":"wp","href":"https:\/\/api.w.org\/{rel}","templated":true}]}}