{"id":2431,"date":"2020-09-01T15:03:30","date_gmt":"2020-09-01T18:03:30","guid":{"rendered":"https:\/\/isfd21-bue.infd.edu.ar\/sitio\/?page_id=2431"},"modified":"2026-03-18T15:50:33","modified_gmt":"2026-03-18T18:50:33","slug":"propuestas-formativas","status":"publish","type":"page","link":"https:\/\/isfd21-bue.infd.edu.ar\/sitio\/propuestas-formativas\/","title":{"rendered":"Propuestas Formativas"},"content":{"rendered":"<p>&nbsp;<\/p>\n<p>&nbsp;<\/p>\n<p>&nbsp;<\/p>\n<p>&nbsp;<\/p>\n<p>&nbsp;<\/p>\n<p>&nbsp;<\/p>\n<p>&nbsp;<\/p>\n<h4><em><span style=\"color: #000000;\">A continuaci\u00f3n presentamos los <\/span><\/em><\/h4>\n<h4><em><span style=\"color: #000000;\">profesorados que pod\u00e9s cursar en el Rojas:<\/span><\/em><\/h4>\n<h6><em><span style=\"color: #000000;\">Carreras de 4 a\u00f1os de duraci\u00f3n.<\/span><\/em><\/h6>\n<p>&nbsp;<\/p>\n<p><span style=\"color: #000000;\"><a style=\"color: #000000;\" href=\"https:\/\/isfd21-bue.infd.edu.ar\/sitio\/profesorado-de-educacion-secundaria-en-matematica\/\" target=\"_blank\" rel=\"noopener\"><em><strong>Profesorado de Educaci\u00f3n Secundaria en Matem\u00e1tica, Resoluci\u00f3n n\u00ba1861\/17 <\/strong><\/em><\/a><em><strong>Y COMUNICACION 109\/23<\/strong><\/em><\/span><\/p>\n<p><span style=\"color: #000000;\"><a style=\"color: #000000;\" href=\"https:\/\/isfd21-bue.infd.edu.ar\/sitio\/profesorado-de-educacion-secundaria-en-lengua-y-literatura\/\" target=\"_blank\" rel=\"noopener\"><em><strong>Profesorado de Educaci\u00f3n Secundaria\u00a0en Lengua y Literatura, Resoluci\u00f3n n\u00ba1862\/17<\/strong><\/em><\/a> <em><strong>Y COMUNICACION 109\/23<\/strong><\/em><\/span><\/p>\n<p><a href=\"https:\/\/isfd21-bue.infd.edu.ar\/sitio\/profesorado-de-educacion-secundaria-en-historia\/\"><span style=\"color: #000000;\"><em><strong>Profesorado de Educaci\u00f3n Secundaria\u00a0en Historia, Resoluci\u00f3n n\u00ba25\/03; 2789\/09<\/strong><\/em><\/span><\/a><\/p>\n<p><span style=\"color: #000000;\"><a style=\"color: #000000;\" href=\"https:\/\/isfd21-bue.infd.edu.ar\/sitio\/profesorado-de-educacion-secundaria-en-geografia\/\" target=\"_blank\" rel=\"noopener\"><em><strong>Profesorado de Educaci\u00f3n Secundaria en Geograf\u00eda, Resoluci\u00f3n n\u00ba26\/03; 2789\/09<\/strong><\/em><\/a><\/span><\/p>\n<p><span style=\"color: #000000;\"><a style=\"color: #000000;\" href=\"https:\/\/isfd21-bue.infd.edu.ar\/sitio\/profesorado-educacion-secundaria-en-filosofia\/\" target=\"_blank\" rel=\"noopener\"><em><strong>Profesorado de Educaci\u00f3n Secundaria\u00a0en Filosof\u00eda, Resoluci\u00f3n n\u00ba37\/03; 2789\/09<\/strong><\/em><\/a><\/span><\/p>\n<p><span style=\"color: #000000;\"><a style=\"color: #000000;\" href=\"https:\/\/isfd21-bue.infd.edu.ar\/sitio\/profesorado-de-educacion-secundaria-en-biologia\/\" target=\"_blank\" rel=\"noopener\"><em><strong>Profesorado de Educaci\u00f3n Secundaria\u00a0en Biolog\u00eda, Resoluci\u00f3n n\u00ba31\/03; 2789\/09<\/strong><\/em><\/a><\/span><\/p>\n<p>&nbsp;<\/p>\n<h2><strong>PLANES VIGENTES<\/strong><\/h2>\n<p><span style=\"color: #000000;\"><a style=\"color: #000000;\" href=\"https:\/\/isfd21-bue.infd.edu.ar\/sitio\/regimen-de-cursada-y-asistencia-5\/\" target=\"_blank\" rel=\"noopener\"><em><strong>Profesorado de Ingl\u00e9s, Resoluci\u00f3n n\u00ba1860\/17 <\/strong><\/em><\/a><em><strong>Y COMUNICACION 109\/23<\/strong><\/em><\/span><\/p>\n<p><span style=\"color: #000000;\"><a style=\"color: #000000;\" href=\"https:\/\/isfd21-bue.infd.edu.ar\/sitio\/profesorado-en-educacion-primaria\/\" target=\"_blank\" rel=\"noopener\"><em><strong>Profesorado de Educaci\u00f3n Primaria, Resoluci\u00f3n n\u00ba4154\/07; 153\/08 <\/strong><\/em><\/a><em><strong>Y COMUNICACION 109\/23<\/strong><\/em><\/span><\/p>\n<p><span style=\"color: #000000;\"><a style=\"color: #000000;\" href=\"https:\/\/isfd21-bue.infd.edu.ar\/sitio\/profesorado-de-educacion-especial_disc-int\/\" target=\"_blank\" rel=\"noopener\"><em><strong>Profesorado de Educaci\u00f3n Especial con orientaci\u00f3n en Discapacidad Intelectual, Resoluci\u00f3n n\u00ba1009\/09 &#8211; 203\/09 <\/strong><\/em><\/a><em><strong>Y COMUNICACION 109\/23<\/strong><\/em><\/span><\/p>\n<p><!--more--><\/p>\n<p><em><a class=\"S1PPyQ\" draggable=\"false\" href=\"https:\/\/abc.gob.ar\/secretarias\/sites\/default\/files\/2023-02\/IF-2022-40270491-GDEBA-SSEDGCYE%20Y%20BIOLOG%C3%8DA_compressed.pdf\" target=\"_blank\" rel=\"noopener\"><strong><span style=\"color: #3366ff;\">Profesorado de Educaci\u00f3n Secundaria en Biolog\u00eda<\/span><\/strong><\/a><strong><span class=\"S1PPyQ\" style=\"color: #3366ff;\">, Resoluci\u00f3n 3605\/22 (plan vigente)<\/span><\/strong><\/em><\/p>\n<p><strong><span style=\"color: #3366ff;\"><em><a class=\"S1PPyQ\" style=\"color: #3366ff;\" draggable=\"false\" href=\"https:\/\/abc.gob.ar\/secretarias\/sites\/default\/files\/2023-02\/IF-2022-40272975-GDEBA-SSEDGCYE%20Y%20GEOGRAF%C3%8DA_compressed.pdf\" target=\"_blank\" rel=\"noopener\">Profesorado de Educaci\u00f3n Secundaria en Geograf\u00eda<\/a><\/em><em><span class=\"S1PPyQ\">, Resoluci\u00f3n 3608\/22 (plan vigente)<\/span><\/em><\/span><\/strong><\/p>\n<p><strong><span style=\"color: #3366ff;\"><em><a class=\"S1PPyQ\" style=\"color: #3366ff;\" draggable=\"false\" href=\"https:\/\/abc.gob.ar\/secretarias\/sites\/default\/files\/2023-02\/IF-2022-40272333-GDEBA-SSEDGCYE%20FILOSOF%C3%8DA_compressed.pdf\" target=\"_blank\" rel=\"noopener\">Profesorado de Educaci\u00f3n Secundaria en Filosof\u00eda<\/a><\/em><em><span class=\"S1PPyQ\">, Resoluci\u00f3n 3603\/22 (plan vigente)<\/span><\/em><\/span><\/strong><\/p>\n<p><strong><span style=\"color: #3366ff;\"><em><a class=\"S1PPyQ\" style=\"color: #3366ff;\" draggable=\"false\" href=\"https:\/\/abc.gob.ar\/secretarias\/sites\/default\/files\/2023-02\/IF-2022-40273352-GDEBA-SSEDGCYE%20HISTORIA_compressed.pdf\" target=\"_blank\" rel=\"noopener\">Profesorado de Educaci\u00f3n Secundaria en Historia<\/a><\/em><em><span class=\"S1PPyQ\">, Resoluci\u00f3n 3609\/22 (plan vigente)<\/span><\/em><\/span><\/strong><\/p>\n<p><strong><span style=\"color: #3366ff;\"><a style=\"color: #3366ff;\" href=\"https:\/\/drive.google.com\/file\/d\/1d8ZLwQfsMcXthZY13zMTYlMveBbnFSj3\/view?usp=drivesdk\"><em>Profesorado de Educaci\u00f3n Secundaria en Lengua y Literatura, Resoluci\u00f3n n\u00ba41330257\/25 (en vigencia desde el ciclo lectivo 2026)<\/em><\/a><\/span><\/strong><\/p>\n<p><strong><span style=\"color: #3366ff;\"><a style=\"color: #3366ff;\" href=\"https:\/\/drive.google.com\/file\/d\/11qH3XiysNWuDNKOEq2RDXPfmz9kCy17-\/view?usp=drivesdk\"><em>Profesorado de Educaci\u00f3n Secundaria en Matem\u00e1tica, <\/em><em>Resoluci\u00f3n <\/em><em>n\u00ba 5882\/25 (en vigencia desde el ciclo lectivo 2026)<\/em><\/a><\/span><\/strong><\/p>\n<p>&nbsp;<\/p>\n<p><a href=\"https:\/\/isfd21-bue.infd.edu.ar\/sitio\/cufba-3\/\" target=\"_blank\" rel=\"noopener\"><em><strong>CURSO DE FORMACI\u00d3N B\u00c1SICA EN INGL\u00c9S\u00a0<\/strong><strong>(CuFBa) 1 a\u00f1o de duraci\u00f3n<\/strong><\/em><\/a><\/p>\n<p>&nbsp;<\/p>\n<p>&nbsp;<\/p>\n<p><span style=\"color: #000000;\"><a style=\"color: #000000;\" href=\"https:\/\/isfd21-bue.infd.edu.ar\/sitio\/profesorado-de-educacion-especial_disc-int\/\" target=\"_blank\" rel=\"noopener\"><em><strong>\u00a0<\/strong><\/em><\/a><\/span> <span style=\"color: #000000;\"><a style=\"color: #000000;\" href=\"https:\/\/isfd21-bue.infd.edu.ar\/sitio\/\"><img decoding=\"async\" loading=\"lazy\" class=\"alignnone wp-image-1473\" src=\"https:\/\/isfd21-bue.infd.edu.ar\/sitio\/wp-content\/uploads\/2020\/03\/ir-a-inicio.png\" alt=\"\" width=\"129\" height=\"120\" \/><\/a><\/span><\/p>\n","protected":false},"excerpt":{"rendered":"<p>&nbsp; &nbsp; &nbsp; &nbsp; &nbsp; &nbsp; &nbsp; A continuaci\u00f3n presentamos los profesorados que pod\u00e9s cursar en el Rojas: Carreras de 4 a\u00f1os de duraci\u00f3n. &nbsp; Profesorado de Educaci\u00f3n Secundaria en Matem\u00e1tica, Resoluci\u00f3n n\u00ba1861\/17 Y COMUNICACION 109\/23 Profesorado de Educaci\u00f3n Secundaria\u00a0en Lengua y Literatura, Resoluci\u00f3n n\u00ba1862\/17 Y COMUNICACION 109\/23 Profesorado de Educaci\u00f3n Secundaria\u00a0en Historia, Resoluci\u00f3n n\u00ba25\/03; &#8230; <a title=\"Propuestas Formativas\" class=\"read-more\" href=\"https:\/\/isfd21-bue.infd.edu.ar\/sitio\/propuestas-formativas\/\" aria-label=\"More on Propuestas Formativas\">[+]<\/a><\/p>\n","protected":false},"author":4665,"featured_media":0,"parent":0,"menu_order":0,"comment_status":"closed","ping_status":"closed","template":"","meta":[],"acf":[],"_links":{"self":[{"href":"https:\/\/isfd21-bue.infd.edu.ar\/sitio\/wp-json\/wp\/v2\/pages\/2431"}],"collection":[{"href":"https:\/\/isfd21-bue.infd.edu.ar\/sitio\/wp-json\/wp\/v2\/pages"}],"about":[{"href":"https:\/\/isfd21-bue.infd.edu.ar\/sitio\/wp-json\/wp\/v2\/types\/page"}],"author":[{"embeddable":true,"href":"https:\/\/isfd21-bue.infd.edu.ar\/sitio\/wp-json\/wp\/v2\/users\/4665"}],"replies":[{"embeddable":true,"href":"https:\/\/isfd21-bue.infd.edu.ar\/sitio\/wp-json\/wp\/v2\/comments?post=2431"}],"version-history":[{"count":85,"href":"https:\/\/isfd21-bue.infd.edu.ar\/sitio\/wp-json\/wp\/v2\/pages\/2431\/revisions"}],"predecessor-version":[{"id":14371,"href":"https:\/\/isfd21-bue.infd.edu.ar\/sitio\/wp-json\/wp\/v2\/pages\/2431\/revisions\/14371"}],"wp:attachment":[{"href":"https:\/\/isfd21-bue.infd.edu.ar\/sitio\/wp-json\/wp\/v2\/media?parent=2431"}],"curies":[{"name":"wp","href":"https:\/\/api.w.org\/{rel}","templated":true}]}}