{"id":2300,"date":"2020-08-27T20:28:45","date_gmt":"2020-08-27T23:28:45","guid":{"rendered":"https:\/\/isfd21-bue.infd.edu.ar\/sitio\/?page_id=2300"},"modified":"2020-08-27T20:47:47","modified_gmt":"2020-08-27T23:47:47","slug":"como-hago-para-solicitar-una-constancia-de-porcentaje-de-materia","status":"publish","type":"page","link":"https:\/\/isfd21-bue.infd.edu.ar\/sitio\/como-hago-para-solicitar-una-constancia-de-porcentaje-de-materia\/","title":{"rendered":"\u00bfC\u00f3mo hago para solicitar una constancia de porcentaje de materia?"},"content":{"rendered":"<p>Pod\u00e9s comprarla en el kiosco indicando cual es la carrera de la que necesit\u00e1s, en el dorso colocar apellido, nombre y n\u00famero de DNI. Luego que est\u00e1 completa, dejala en la carpeta \u00abpara dejar\u00bb (se encuentran en las mesas del pasillo) correspondiente a la carrera. Para retirarla, buscala por el mismo lugar, pero en las carpetas que dicen \u00abpara retirar\u00bb correspondiente a la carrera.<\/p>\n<p>&nbsp;<\/p>\n<p>&nbsp;<\/p>\n<p><a href=\"https:\/\/isfd21-bue.infd.edu.ar\/sitio\/estudiantes\/\"><img decoding=\"async\" loading=\"lazy\" class=\"alignnone wp-image-1473\" src=\"https:\/\/isfd21-bue.infd.edu.ar\/sitio\/wp-content\/uploads\/2020\/03\/ir-a-inicio.png\" alt=\"\" width=\"129\" height=\"120\" \/><\/a><\/p>\n","protected":false},"excerpt":{"rendered":"<p>Pod\u00e9s comprarla en el kiosco indicando cual es la carrera de la que necesit\u00e1s, en el dorso colocar apellido, nombre y n\u00famero de DNI. Luego que est\u00e1 completa, dejala en la carpeta \u00abpara dejar\u00bb (se encuentran en las mesas del pasillo) correspondiente a la carrera. Para retirarla, buscala por el mismo lugar, pero en las &#8230; <a title=\"\u00bfC\u00f3mo hago para solicitar una constancia de porcentaje de materia?\" class=\"read-more\" href=\"https:\/\/isfd21-bue.infd.edu.ar\/sitio\/como-hago-para-solicitar-una-constancia-de-porcentaje-de-materia\/\" aria-label=\"More on \u00bfC\u00f3mo hago para solicitar una constancia de porcentaje de materia?\">[+]<\/a><\/p>\n","protected":false},"author":4665,"featured_media":0,"parent":0,"menu_order":0,"comment_status":"closed","ping_status":"closed","template":"","meta":[],"acf":[],"_links":{"self":[{"href":"https:\/\/isfd21-bue.infd.edu.ar\/sitio\/wp-json\/wp\/v2\/pages\/2300"}],"collection":[{"href":"https:\/\/isfd21-bue.infd.edu.ar\/sitio\/wp-json\/wp\/v2\/pages"}],"about":[{"href":"https:\/\/isfd21-bue.infd.edu.ar\/sitio\/wp-json\/wp\/v2\/types\/page"}],"author":[{"embeddable":true,"href":"https:\/\/isfd21-bue.infd.edu.ar\/sitio\/wp-json\/wp\/v2\/users\/4665"}],"replies":[{"embeddable":true,"href":"https:\/\/isfd21-bue.infd.edu.ar\/sitio\/wp-json\/wp\/v2\/comments?post=2300"}],"version-history":[{"count":4,"href":"https:\/\/isfd21-bue.infd.edu.ar\/sitio\/wp-json\/wp\/v2\/pages\/2300\/revisions"}],"predecessor-version":[{"id":2329,"href":"https:\/\/isfd21-bue.infd.edu.ar\/sitio\/wp-json\/wp\/v2\/pages\/2300\/revisions\/2329"}],"wp:attachment":[{"href":"https:\/\/isfd21-bue.infd.edu.ar\/sitio\/wp-json\/wp\/v2\/media?parent=2300"}],"curies":[{"name":"wp","href":"https:\/\/api.w.org\/{rel}","templated":true}]}}