{"id":2252,"date":"2020-08-24T21:37:36","date_gmt":"2020-08-25T00:37:36","guid":{"rendered":"https:\/\/isfd21-bue.infd.edu.ar\/sitio\/?page_id=2252"},"modified":"2021-09-28T17:42:12","modified_gmt":"2021-09-28T20:42:12","slug":"material-de-lectura","status":"publish","type":"page","link":"https:\/\/isfd21-bue.infd.edu.ar\/sitio\/material-de-lectura\/","title":{"rendered":"MATERIAL DE LECTURA"},"content":{"rendered":"<h4><span style=\"color: #993366;\">MATERIAL DE LECTURA<\/span><\/h4>\n<ul>\n<li><a href=\"https:\/\/isfd21-bue.infd.edu.ar\/sitio\/wp-content\/uploads\/2021\/09\/Comunicado-presencialidad-plena-DGCyE-30-8-1.pdf\">Comunicado presencialidad plena &#8211; DGCyE 30-8<\/a><\/li>\n<li><a href=\"https:\/\/isfd21-bue.infd.edu.ar\/sitio\/wp-content\/uploads\/2021\/08\/Ciclo-de-conversatorios-@cerca-de-la-formacion-2021.pdf\">Ciclo de conversatorios @cerca de la formaci\u00f3n 2021<\/a><\/li>\n<li><a href=\"https:\/\/isfd21-bue.infd.edu.ar\/sitio\/wp-content\/uploads\/2021\/08\/Proyectos-de-Fortalecimiento-Institucional-VF-4-3.pdf\">Proyectos de Fortalecimiento Institucional VF<\/a><\/li>\n<li><a href=\"http:\/\/De autoras y autores\" target=\"_blank\" rel=\"noopener\">https:\/\/continuemosestudiando.abc.gob.ar\/recursos\/superior\/de-autoras-y-autores<\/a><\/li>\n<li>\n<h5 class=\"gmql0nx0 l94mrbxd p1ri9a11 lzcic4wl oud54xpy sqxagodl ku2m03ct\" dir=\"auto\"><span style=\"color: #3366ff;\"><a style=\"color: #3366ff;\" href=\"https:\/\/isfd21-bue.infd.edu.ar\/sitio\/wp-content\/uploads\/2021\/04\/manual_andis.pdf\" target=\"_blank\" rel=\"noopener\">GU\u00cdA DE LENGUAJE ADECUADO EN TEMAS DE DISCAPACIDAD<\/a><\/span><\/h5>\n<\/li>\n<li>\n<h5 class=\"gmql0nx0 l94mrbxd p1ri9a11 lzcic4wl oud54xpy sqxagodl ku2m03ct\" dir=\"auto\"><span style=\"color: #3366ff;\">Apunte pedag\u00f3gico #5. <a href=\"https:\/\/cdn.continuemosestudiando.abc.gob.ar\/uploads\/830af22b-16e6-488a-b55e-801755dffbee.pdf\">https:\/\/cdn.continuemosestudiando.abc.gob.ar\/uploads\/830af22b-16e6-488a-b55e-801755dffbee.pdf<\/a><\/span><\/h5>\n<\/li>\n<li><span style=\"color: #3366ff;\">Presentaci\u00f3n de la colecci\u00f3n a cargo de la Directora Provincial de Educaci\u00f3n Superior, Alejandra Birgin, y las producciones de Javier Tr\u00edmboli, Sof\u00eda Thisted, Myriam Southwell y Sandra Carli. Link para acceder a la mediateca: <a href=\"https:\/\/continuemosestudiando.abc.gob.ar\/recursos\/superior\/de-autoras-y-autores\">https:\/\/continuemosestudiando.abc.gob.ar\/recursos\/superior\/de-autoras-y-autores<\/a><\/span><\/li>\n<li><span style=\"color: #3366ff;\">(<a style=\"color: #3366ff;\" href=\"https:\/\/isfd21-bue.infd.edu.ar\/sitio\/wp-content\/uploads\/2020\/10\/A-Cat\u00e1logo-oficial-de-talleres-EXPOPSI-2020.pdf\">TALLERES EXPO PSI 2020) Cat\u00e1logo oficial de talleres- EXPOPSI 2020<\/a>\u00a0 \u00a0<a style=\"color: #3366ff;\" href=\"https:\/\/isfd21-bue.infd.edu.ar\/sitio\/wp-content\/uploads\/2020\/10\/POWER-POINT.ppt\">POWER POINT<\/a>\u00a0 \u00a0<a style=\"color: #3366ff;\" href=\"https:\/\/isfd21-bue.infd.edu.ar\/sitio\/wp-content\/uploads\/2020\/10\/Dec-Int-EXPO-PSI-2020-HCD-San-Miguel-09-09-2020.pdf\">Dec Int EXPO PSI 2020 HCD San Miguel 09-09-2020<\/a><\/span><\/li>\n<li><span style=\"color: #3366ff;\"><a style=\"color: #3366ff;\" href=\"https:\/\/isfd21-bue.infd.edu.ar\/sitio\/wp-content\/uploads\/2020\/10\/anexo1-evaluacion-y-acreditacion.pdf\">Anexo1 evaluaci\u00f3n y acreditaci\u00f3n<\/a><\/span><\/li>\n<li><span style=\"color: #3366ff;\"><a style=\"color: #3366ff;\" href=\"https:\/\/isfd21-bue.infd.edu.ar\/sitio\/wp-content\/uploads\/2020\/10\/comunicacion-evaluacion-acreditacion.pdf\">Comunicaci\u00f3n evaluaci\u00f3n acreditaci\u00f3n<\/a><\/span><\/li>\n<li><span style=\"color: #3366ff;\"><a style=\"color: #3366ff;\" href=\"https:\/\/isfd21-bue.infd.edu.ar\/sitio\/wp-content\/uploads\/2020\/10\/SSE-SUPERIOR-COMUNICACION-ATR.pdf\">SSE- SUPERIOR COMUNICACION ATR<\/a><\/span><\/li>\n<li><span style=\"color: #3366ff;\"><a style=\"color: #3366ff;\" href=\"https:\/\/isfd21-bue.infd.edu.ar\/sitio\/wp-content\/uploads\/2020\/10\/CURRICULUM-PRIORITARIO-RSC-2020-21198938-GDEBA-DGCYE.pdf\">CURRICULUM PRIORITARIO RSC-2020-21198938-GDEBA-DGCYE<\/a><\/span><\/li>\n<li><span style=\"color: #3366ff;\"><a style=\"color: #3366ff;\" href=\"https:\/\/isfd21-bue.infd.edu.ar\/sitio\/wp-content\/uploads\/2020\/10\/IF-2020-21075551-GDEBA-SSEDGCYE-anexo-1.pdf\">IF-2020-21075551-GDEBA-SSEDGCYE anexo 1<\/a><\/span><\/li>\n<li><span style=\"color: #3366ff;\"><a style=\"color: #3366ff;\" href=\"https:\/\/isfd21-bue.infd.edu.ar\/sitio\/wp-content\/uploads\/2020\/10\/IF-2020-21099774-GDEBA-SSEDGCYE-anexo-2.pdf\">IF-2020-21099774-GDEBA-SSEDGCYE anexo 2<\/a><\/span><\/li>\n<li class=\"entry-title\"><span style=\"color: #3366ff;\"><a style=\"color: #3366ff;\" href=\"https:\/\/red.infd.edu.ar\/las-iii-jornadas-nacionales-de-formacion-docente-se-realizaran-en-noviembre\/\">Las III Jornadas Nacionales de Formaci\u00f3n Docente se realizar\u00e1n en noviembre<\/a><\/span><\/li>\n<li><span style=\"color: #3366ff;\"><a style=\"color: #3366ff;\" href=\"https:\/\/continuemosestudiando.abc.gob.ar\/recursos\/superior\/de-autoras-y-autores\" target=\"_blank\" rel=\"noopener\">Orientaciones para la organizaci\u00f3n de la ense\u00f1anza en primer a\u00f1o.\u00a0<\/a><\/span><\/li>\n<li><span style=\"color: #3366ff;\"><a style=\"color: #3366ff;\" href=\"https:\/\/isfd21-bue.infd.edu.ar\/sitio\/wp-content\/uploads\/2020\/09\/EDUCACION-SEXUAL-INTEGRAL-DGCyE.pdf\" target=\"_blank\" rel=\"noopener\">Educaci\u00f3n sexual integral &#8211; DGCyE<\/a><\/span><\/li>\n<li><span style=\"color: #3366ff;\"><a style=\"color: #3366ff;\" href=\"https:\/\/isfd21-bue.infd.edu.ar\/sitio\/wp-content\/uploads\/2020\/08\/pensarlaeducacion.pdf\">Pensar la educaci\u00f3n en tiempo de pandemia<\/a><\/span><\/li>\n<li class=\"resource-title\"><span style=\"color: #3366ff;\"><a style=\"color: #3366ff;\" href=\"https:\/\/continuemosestudiando.abc.gob.ar\/recurso\/superior\/apuntes-pedagogicos\/horizontes-de-la-formacion-docente-inicial?u=5f230d50091d2a3e253b303c\">Horizontes de la formaci\u00f3n docente inicial<\/a><\/span><\/li>\n<li class=\"resource-title\"><span style=\"color: #3366ff;\"><a style=\"color: #3366ff;\" href=\"https:\/\/continuemosestudiando.abc.gob.ar\/recurso\/superior\/apuntes-pedagogicos\/ensenar-en-tiempos-ineditos?u=5ed15ceb9dd07b12968d05e7\">Ense\u00f1ar en tiempos in\u00e9ditos<\/a><\/span><\/li>\n<li><span style=\"color: #3366ff;\"><a style=\"color: #3366ff;\" href=\"https:\/\/isfd21-bue.infd.edu.ar\/sitio\/wp-content\/uploads\/2020\/08\/Proyecto-De-autoras-y-autores.pdf\">Proyecto De autoras y autores<\/a>\u00a0(Conversaciones que aportan a La construcci\u00f3n de \u201clo com\u00fan\u201d en la formaci\u00f3n docente)<\/span><\/li>\n<li><span style=\"color: #3366ff;\"><a style=\"color: #3366ff;\" href=\"https:\/\/isfd21-bue.infd.edu.ar\/sitio\/wp-content\/uploads\/2020\/09\/Guia-del-becarios-as-progresar-formacion-docente-1.pdf\">Guia del becarios-as progresar formacion docente (1)<\/a><\/span><\/li>\n<\/ul>\n<hr \/>\n","protected":false},"excerpt":{"rendered":"<p>MATERIAL DE LECTURA Comunicado presencialidad plena &#8211; DGCyE 30-8 Ciclo de conversatorios @cerca de la formaci\u00f3n 2021 Proyectos de Fortalecimiento Institucional VF https:\/\/continuemosestudiando.abc.gob.ar\/recursos\/superior\/de-autoras-y-autores GU\u00cdA DE LENGUAJE ADECUADO EN TEMAS DE DISCAPACIDAD Apunte pedag\u00f3gico #5. https:\/\/cdn.continuemosestudiando.abc.gob.ar\/uploads\/830af22b-16e6-488a-b55e-801755dffbee.pdf Presentaci\u00f3n de la colecci\u00f3n a cargo de la Directora Provincial de Educaci\u00f3n Superior, Alejandra Birgin, y las producciones de Javier &#8230; <a title=\"MATERIAL DE LECTURA\" class=\"read-more\" href=\"https:\/\/isfd21-bue.infd.edu.ar\/sitio\/material-de-lectura\/\" aria-label=\"More on MATERIAL DE LECTURA\">[+]<\/a><\/p>\n","protected":false},"author":4665,"featured_media":0,"parent":0,"menu_order":0,"comment_status":"closed","ping_status":"closed","template":"","meta":[],"acf":[],"_links":{"self":[{"href":"https:\/\/isfd21-bue.infd.edu.ar\/sitio\/wp-json\/wp\/v2\/pages\/2252"}],"collection":[{"href":"https:\/\/isfd21-bue.infd.edu.ar\/sitio\/wp-json\/wp\/v2\/pages"}],"about":[{"href":"https:\/\/isfd21-bue.infd.edu.ar\/sitio\/wp-json\/wp\/v2\/types\/page"}],"author":[{"embeddable":true,"href":"https:\/\/isfd21-bue.infd.edu.ar\/sitio\/wp-json\/wp\/v2\/users\/4665"}],"replies":[{"embeddable":true,"href":"https:\/\/isfd21-bue.infd.edu.ar\/sitio\/wp-json\/wp\/v2\/comments?post=2252"}],"version-history":[{"count":28,"href":"https:\/\/isfd21-bue.infd.edu.ar\/sitio\/wp-json\/wp\/v2\/pages\/2252\/revisions"}],"predecessor-version":[{"id":4102,"href":"https:\/\/isfd21-bue.infd.edu.ar\/sitio\/wp-json\/wp\/v2\/pages\/2252\/revisions\/4102"}],"wp:attachment":[{"href":"https:\/\/isfd21-bue.infd.edu.ar\/sitio\/wp-json\/wp\/v2\/media?parent=2252"}],"curies":[{"name":"wp","href":"https:\/\/api.w.org\/{rel}","templated":true}]}}