{"id":1493,"date":"2020-03-03T14:47:20","date_gmt":"2020-03-03T17:47:20","guid":{"rendered":"https:\/\/isfd21-bue.infd.edu.ar\/sitio\/?page_id=1493"},"modified":"2024-02-21T11:59:35","modified_gmt":"2024-02-21T14:59:35","slug":"constancias","status":"publish","type":"page","link":"https:\/\/isfd21-bue.infd.edu.ar\/sitio\/constancias\/","title":{"rendered":"Constancias"},"content":{"rendered":"<p>Hac\u00e9 clic en el link para acceder al formulario:<\/p>\n<p><a href=\"https:\/\/isfd21-bue.infd.edu.ar\/sitio\/wp-content\/uploads\/2020\/04\/constanciaalumnoregular.pdf\">CONSTANCIA DE ALUMNO REGULAR<\/a><\/p>\n<p><a href=\"https:\/\/isfd21-bue.infd.edu.ar\/sitio\/wp-content\/uploads\/2024\/02\/CONSTANCIA_PARA_INSCRIPCION_INGRESO_A_LA_DOCENCIA-1.docx\">CONSTANCIA_PARA_INSCRIPCION_INGRESO_A_LA_DOCENCIA<\/a><\/p>\n<p><a href=\"https:\/\/isfd21-bue.infd.edu.ar\/sitio\/wp-content\/uploads\/2020\/04\/CONTANCIA-DE-CERTIFICADO-DE-ESTUDIO-EN-TR\u00c1MITE.pdf\">CONSTANCIA T\u00cdTULO EN TR\u00c1MITE<\/a><\/p>\n<p><a href=\"https:\/\/isfd21-bue.infd.edu.ar\/sitio\/solicitud-de-titulo\/\">SOLICITUD DE T\u00cdTULO<\/a><\/p>\n<p><a href=\"https:\/\/isfd21-bue.infd.edu.ar\/sitio\/estudiantes\/\"><img decoding=\"async\" loading=\"lazy\" class=\"alignnone wp-image-1473\" src=\"https:\/\/isfd21-bue.infd.edu.ar\/sitio\/wp-content\/uploads\/2020\/03\/ir-a-inicio.png\" alt=\"\" width=\"129\" height=\"120\" \/><\/a><\/p>\n","protected":false},"excerpt":{"rendered":"<p>Hac\u00e9 clic en el link para acceder al formulario: CONSTANCIA DE ALUMNO REGULAR CONSTANCIA_PARA_INSCRIPCION_INGRESO_A_LA_DOCENCIA CONSTANCIA T\u00cdTULO EN TR\u00c1MITE SOLICITUD DE T\u00cdTULO<\/p>\n","protected":false},"author":4665,"featured_media":0,"parent":0,"menu_order":0,"comment_status":"closed","ping_status":"closed","template":"","meta":[],"acf":[],"_links":{"self":[{"href":"https:\/\/isfd21-bue.infd.edu.ar\/sitio\/wp-json\/wp\/v2\/pages\/1493"}],"collection":[{"href":"https:\/\/isfd21-bue.infd.edu.ar\/sitio\/wp-json\/wp\/v2\/pages"}],"about":[{"href":"https:\/\/isfd21-bue.infd.edu.ar\/sitio\/wp-json\/wp\/v2\/types\/page"}],"author":[{"embeddable":true,"href":"https:\/\/isfd21-bue.infd.edu.ar\/sitio\/wp-json\/wp\/v2\/users\/4665"}],"replies":[{"embeddable":true,"href":"https:\/\/isfd21-bue.infd.edu.ar\/sitio\/wp-json\/wp\/v2\/comments?post=1493"}],"version-history":[{"count":13,"href":"https:\/\/isfd21-bue.infd.edu.ar\/sitio\/wp-json\/wp\/v2\/pages\/1493\/revisions"}],"predecessor-version":[{"id":10019,"href":"https:\/\/isfd21-bue.infd.edu.ar\/sitio\/wp-json\/wp\/v2\/pages\/1493\/revisions\/10019"}],"wp:attachment":[{"href":"https:\/\/isfd21-bue.infd.edu.ar\/sitio\/wp-json\/wp\/v2\/media?parent=1493"}],"curies":[{"name":"wp","href":"https:\/\/api.w.org\/{rel}","templated":true}]}}