{"id":1454,"date":"2020-02-29T11:24:48","date_gmt":"2020-02-29T14:24:48","guid":{"rendered":"https:\/\/isfd21-bue.infd.edu.ar\/sitio\/?page_id=1454"},"modified":"2026-04-28T16:36:53","modified_gmt":"2026-04-28T19:36:53","slug":"estudiantes","status":"publish","type":"page","link":"https:\/\/isfd21-bue.infd.edu.ar\/sitio\/estudiantes\/","title":{"rendered":"ESTUDIANTES"},"content":{"rendered":"<p><img decoding=\"async\" loading=\"lazy\" class=\"wp-image-3417 alignright\" src=\"https:\/\/isfd21-bue.infd.edu.ar\/sitio\/wp-content\/uploads\/2021\/04\/BUENAS-PRACTICAS-ESTUDIANTILES-1-1000x852.png\" alt=\"\" width=\"591\" height=\"590\" \/><\/p>\n<h4>CUE: 060643600<\/h4>\n<h4>Regi\u00f3n IX<\/h4>\n<h4>Distrito 073<\/h4>\n<h6><span style=\"color: #333333;\"><strong><em>Hacer clic en los links para acceder a la informaci\u00f3n:<\/em><\/strong><\/span><\/h6>\n<p><span style=\"color: #3366ff;\"><strong><em>TR\u00c1MITES\u00a0<\/em><\/strong><\/span><\/p>\n<ul>\n<li><span style=\"color: #000000;\"><strong><a style=\"color: #000000;\" href=\"https:\/\/isfd21-bue.infd.edu.ar\/sitio\/preceptoria-consultas-administrativas\/\" target=\"_blank\" rel=\"noopener\"><em>Tengo una consulta. \u00bfD\u00f3nde pregunto?<\/em><\/a><\/strong><\/span><\/li>\n<li><span style=\"color: #000000;\"><em><a style=\"color: #000000;\" href=\"https:\/\/isfd21-bue.infd.edu.ar\/sitio\/solicitud-de-titulo\/\" target=\"_blank\" rel=\"noopener\"><b>Rend\u00ed mi \u00faltima materia , <\/b><b>\u00bfQu\u00e9<\/b><b>\u00a0debo hacer?\u00a0<\/b><\/a><\/em><\/span><\/li>\n<li><span style=\"color: #000000;\"><a style=\"color: #000000;\" href=\"https:\/\/isfd21-bue.infd.edu.ar\/sitio\/equivalencias-2\/\" target=\"_blank\" rel=\"noopener\"><strong><em>Pedido de equivalencias\u00a0<\/em><\/strong><\/a><\/span><\/li>\n<li><a href=\"https:\/\/isfd21-bue.infd.edu.ar\/sitio\/?page_id=3478&amp;preview=true\"><span style=\"color: #000000;\"><strong><em>Pedido de PASE<\/em><\/strong>\u00a0<em><strong>a otra instituci\u00f3n<\/strong><\/em><\/span><\/a><\/li>\n<li><span style=\"color: #000000;\"><strong><a style=\"color: #000000;\" href=\"https:\/\/isfd21-bue.infd.edu.ar\/sitio\/formularios-y-constancias\/\" target=\"_blank\" rel=\"noopener\"><em>FORMULARIOS Y CONSTANCIAS<\/em><\/a><\/strong><\/span><\/li>\n<li><span style=\"color: #000000;\"><a style=\"color: #000000;\" href=\"https:\/\/isfd21-bue.infd.edu.ar\/sitio\/?page_id=3608&amp;preview=true\" target=\"_blank\" rel=\"noopener\"><em><strong>Pedido de constancias<\/strong><\/em><\/a><\/span><\/li>\n<li><a href=\"https:\/\/isfd21-bue.infd.edu.ar\/sitio\/duplicado-de-titulo-2\/\"><strong><em>Duplicado de t\u00edtulo<\/em><\/strong><\/a><\/li>\n<\/ul>\n<p><span style=\"color: #3366ff;\"><em><strong>CONSULTA FRECUENTE<\/strong><\/em><\/span><\/p>\n<ul>\n<li><span style=\"color: #000000;\"><strong><em><a style=\"color: #000000;\" href=\"https:\/\/isfd21-bue.infd.edu.ar\/sitio\/novedades-cartelera-2\/\" target=\"_blank\" rel=\"noopener\">NOVEDADES (CARTELERA ACTUAL)<\/a><\/em><\/strong><\/span><\/li>\n<li><a href=\"https:\/\/isfd21-bue.infd.edu.ar\/sitio\/horario-fonoaudiologa\/\" target=\"_blank\" rel=\"noopener\"><strong><em>FONOAUDIOLOG\u00cdA<\/em><\/strong><\/a><span style=\"color: #000000;\"><strong><br \/>\n<\/strong><\/span><\/li>\n<li><span style=\"color: #000000;\"><strong><em><a style=\"color: #000000;\" href=\"https:\/\/isfd21-bue.infd.edu.ar\/sitio\/becas-progresar\/\" target=\"_blank\" rel=\"noopener\">BECAS PROGRESAR\u00a0<\/a><\/em><\/strong><\/span><\/li>\n<li><span style=\"color: #000000;\"><strong><a style=\"color: #000000;\" href=\"https:\/\/isfd21-bue.infd.edu.ar\/sitio\/conectar-igualdad-2\/\" target=\"_blank\" rel=\"noopener\"><em>Conectar igualdad<\/em><\/a><\/strong><\/span><\/li>\n<li><span style=\"color: #000000;\"><a style=\"color: #000000;\" href=\"https:\/\/isfd21-bue.infd.edu.ar\/sitio\/12240-2\/\" target=\"_blank\" rel=\"noopener\"><strong><em>\u00bfCu\u00e1ndo vence mi cursada?<\/em><\/strong><\/a><\/span><\/li>\n<li><a href=\"https:\/\/isfd21-bue.infd.edu.ar\/sitio\/cuando-vencen-los-programas-de-las-materias\/\"><strong><em>\u00bfCu\u00e1ndo vencen los programas de las materias?<\/em><\/strong><\/a><\/li>\n<li><span style=\"color: #000000;\"><a style=\"color: #000000;\" href=\"https:\/\/isfd21-bue.infd.edu.ar\/sitio\/propuestas-formativas\/\" target=\"_blank\" rel=\"noopener\"><strong><em>\u00bfD\u00f3nde puedo ver las correlativas?<\/em><\/strong><\/a><\/span><\/li>\n<li><span style=\"color: #000000;\"><a style=\"color: #000000;\" href=\"https:\/\/isfd21-bue.infd.edu.ar\/sitio\/como-leer-el-informe-interno-de-notas\/\" target=\"_blank\" rel=\"noopener\"><em><strong>\u00bfC\u00f3mo leer el informe interno de notas?<\/strong><\/em><\/a><\/span><\/li>\n<li><strong><span style=\"color: #000000;\"><a style=\"color: #000000;\" href=\"https:\/\/isfd21-bue.infd.edu.ar\/sitio\/turnos-de-examenes\/\" target=\"_blank\" rel=\"noopener\"><em>INSCRIPCIONES A MESAS DE EXAMENES<\/em><\/a><\/span><\/strong><\/li>\n<li><span style=\"color: #000000;\"><strong><em><a style=\"color: #000000;\" href=\"https:\/\/isfd21-bue.infd.edu.ar\/sitio\/cue\/\" target=\"_blank\" rel=\"noopener\">N\u00famero de CUE (Clave \u00danica del Establecimiento)<\/a><\/em><\/strong><\/span><\/li>\n<li><span style=\"color: #000000;\"><strong><a style=\"color: #000000;\" href=\"https:\/\/isfd21-bue.infd.edu.ar\/sitio\/consejo-academico-institucional\/\" target=\"_blank\" rel=\"noopener\"><em>\u00bfQu\u00e9 es el Consejo Acad\u00e9mico Institucional?<\/em><\/a><\/strong><\/span><\/li>\n<li><span style=\"color: #000000;\"><strong><a style=\"color: #000000;\" href=\"https:\/\/isfd21-bue.infd.edu.ar\/sitio\/propuestas-formativas\/\" target=\"_blank\" rel=\"noopener\">\u00bfD\u00f3nde consulto el dise\u00f1o curricular de mi carrera?<\/a><\/strong><\/span><\/li>\n<li><span style=\"color: #000000;\"><strong><a style=\"color: #000000;\" href=\"https:\/\/isfd21-bue.infd.edu.ar\/sitio\/normativas\/\" target=\"_blank\" rel=\"noopener\"><em>\u00bfQu\u00e9 normativas rigen en Nivel Superior?<\/em><\/a><\/strong><\/span><\/li>\n<li><span style=\"color: #000000;\"><strong><em><a style=\"color: #000000;\" href=\"https:\/\/isfd21-bue.infd.edu.ar\/sitio\/material-de-lectura\/\" target=\"_blank\" rel=\"noopener\">Material de lectura<\/a><\/em><\/strong><\/span><\/li>\n<li><span style=\"color: #000000;\"><a style=\"color: #000000;\" href=\"https:\/\/isfd21-bue.infd.edu.ar\/sitio\/normativa\/\" target=\"_blank\" rel=\"noopener\"><strong><em>Normativas<\/em><\/strong><\/a><\/span><\/li>\n<li><em><strong><a href=\"https:\/\/isfd21-bue.infd.edu.ar\/sitio\/anos-anteriores\/\" target=\"_blank\" rel=\"noopener\">A\u00d1OS ANTERIORES<\/a><\/strong><\/em><\/li>\n<\/ul>\n<p><span style=\"color: #3366ff;\"><strong><em>\u00bfD\u00f3nde encuentro mi n\u00famero ID?<\/em><\/strong><\/span><br \/>\nSe encuentra en la libreta, y puede tener hasta 5 d\u00edgitos. Si no lo ten\u00e9s en la libreta, deb\u00e9s solicitarselo al preceptor y guardar ese dato (recomendamos que lo guardes en tu celular como un contacto para que siempre puedas consultarlo). Este n\u00famero es muy importante porque con \u00e9l consultamos tu ficha de datos en el sistema, realizamos constancias, informes internos de nota para pases o equivalencias, tramitaci\u00f3n de t\u00edtulo, inscripci\u00f3n a ex\u00e1menes, matriculaci\u00f3n a cursadas. No lo olvides, siempre que completes tus datos en inscripciones o consultes algo, debes incluirlo con el cuidado de que est\u00e9 correctamente escrito.<\/p>\n<p><span style=\"color: #3366ff;\"><strong><em>\u00bfD\u00f3nde consulto mi registro acad\u00e9mico de cursadas?<\/em><\/strong><\/span><br \/>\nEs responsabilidad del estudiante llevar un registro de las materias aprobadas con cursada o con final. Es necesario que asumas esta responsabilidad, no solo porque preceptor\u00eda no podr\u00eda responder todas las consultas preguntando por las materias que tienen aprobadas, sino tambi\u00e9n porque resulta una buena pr\u00e1ctica estudiantil que te permitir\u00e1 llevar un registro de tu trayectoria acad\u00e9mica y en consecuencia de eso poder pensar tus pr\u00f3ximas cursadas de una manera m\u00e1s consiente.<br \/>\nAlgo que es importante mencionar es que cuando cursas una materia, ten\u00e9s derecho a recibir la comunicaci\u00f3n de la aprobaci\u00f3n o desaprobaci\u00f3n de la misma por parte del docente y en la presencialidad la libreta debe ser completada con la nota y firmada.<\/p>\n<p><span style=\"color: #3366ff;\"><em><strong>\u00bfMe puedo inscribir cuando quiero y como quiero?, \u00bfpuedo hacer el tr\u00e1mite ahora, ya?<\/strong><\/em><\/span><br \/>\nToda organizaci\u00f3n establece cronogramas y normas que son necesarias para cumplir con los objetivos previstos y a lo largo de esta carrera hermosa que has elegido \u00abla docencia\u00bb te encontrar\u00e1s con m\u00e1s de un cronograma por cumplir y tr\u00e1mites por realizar, aprender desde ahora como estudiantes a cumplir con los cronogramas te ser\u00e1 beneficioso para el futuro, para cuando seas \u00abprofesor\u00bb.<br \/>\nCada inscripci\u00f3n, modificaci\u00f3n o pedido por fuera de lo establecido, demanda una gran p\u00e9rdida de tiempo para Preceptor\u00eda, por eso es importante que revises, leas atentamente la <a href=\"https:\/\/isfd21-bue.infd.edu.ar\/sitio\/cartelera-de-comunicados\/\">p\u00e1gina<\/a>, el <a href=\"https:\/\/www.facebook.com\/groups\/523982381290540\" target=\"_blank\" rel=\"noopener\">facebook<\/a> (solo para estudiantes) \u00a0para estar siempre informado y no tengas que pedir excepcionalidades que se encuentran fuera de la norma.<\/p>\n<p><span style=\"color: #3366ff;\"><strong><em>\u00bfPuedo cursar cualquier materia?<\/em><\/strong><\/span><br \/>\nComo estudiante, es necesario que conozcas cuales son las correlativas de tu carrera y las normativas b\u00e1sicas que dependen de tu inscripci\u00f3n y cursada de materias. Pod\u00e9s consultar las correlativas aqu\u00ed=&gt;<a href=\"https:\/\/isfd21-bue.infd.edu.ar\/sitio\/propuestas-formativas\/\" target=\"_blank\" rel=\"noopener\">PROFESORADOS.<\/a><\/p>\n<p>Tambi\u00e9n pod\u00e9s consultar las normativas vigentes, aqu\u00ed:\u00a0https:\/\/isfd21-bue.infd.edu.ar\/sitio\/importante-2\/<\/p>\n<hr \/>\n<p><em><strong>Preguntas frecuentes<\/strong>\u00a0<\/em><\/p>\n<ul>\n<li><span style=\"color: #333333;\"><a style=\"color: #333333;\" href=\"https:\/\/isfd21-bue.infd.edu.ar\/sitio\/como-me-inscribo-a-un-final-de-cursada-presencial\/\" target=\"_blank\" rel=\"noopener\"><em><strong>\u00bfC\u00f3mo me inscribo a un final de cursada presencial?<\/strong><\/em><\/a><\/span><\/li>\n<li><span style=\"color: #333333;\"><a style=\"color: #333333;\" href=\"https:\/\/isfd21-bue.infd.edu.ar\/sitio\/como-hago-para-solicitar-una-constancia-de-alumno-regular\/\" target=\"_blank\" rel=\"noopener\"><em><strong>\u00bfC\u00f3mo hago para solicitar una constancia de alumno regular?<\/strong><\/em><\/a><\/span><\/li>\n<li><span style=\"color: #333333;\"><a style=\"color: #333333;\" href=\"https:\/\/isfd21-bue.infd.edu.ar\/sitio\/como-hago-para-solicitar-una-constancia-de-porcentaje-de-materia\/\" target=\"_blank\" rel=\"noopener\"><em><strong>\u00bfC\u00f3mo hago para solicitar una constancia de porcentaje de materia?<\/strong><\/em><\/a><\/span><\/li>\n<li><span style=\"color: #333333;\"><a style=\"color: #333333;\" href=\"https:\/\/isfd21-bue.infd.edu.ar\/sitio\/cuanto-tardan-en-hacerse-las-constancias\/\" target=\"_blank\" rel=\"noopener\"><em><strong>\u00bfCu\u00e1nto tardan en hacerse las constancias?<\/strong><\/em><\/a><\/span><\/li>\n<li><span style=\"color: #333333;\"><a style=\"color: #333333;\" href=\"https:\/\/isfd21-bue.infd.edu.ar\/sitio\/solicitud-de-titulo\/\" target=\"_blank\" rel=\"noopener\"><strong><em>Me recib\u00ed, \u00bfC\u00f3mo hago para tramitar el t\u00edtulo?<\/em><\/strong><\/a><\/span><\/li>\n<li><span style=\"color: #333333;\"><a style=\"color: #333333;\" href=\"https:\/\/isfd21-bue.infd.edu.ar\/sitio\/obtencion-titulo\/\" target=\"_blank\" rel=\"noopener\"><strong><em>\u00bfC\u00f3mo me llega el t\u00edtulo?<\/em><\/strong><\/a><\/span><\/li>\n<li><span style=\"color: #333333;\"><a style=\"color: #333333;\" href=\"http:\/\/servicios.abc.gov.ar\/servicios\/buscadores\/estados.de.titulos\/\"><em>Consulta de estado y veracidad de t\u00edtulos (ABC Docente)<\/em><\/a><\/span><\/li>\n<li><span style=\"color: #333333;\"><a style=\"color: #333333;\" href=\"https:\/\/isfd21-bue.infd.edu.ar\/sitio\/necesito-hacer-un-pase-como-hago-para-tramitarlo\/\" target=\"_blank\" rel=\"noopener\"><strong><em>Necesito hacer un pase , \u00bfC\u00f3mo hago para tramitarlo?<\/em><\/strong><\/a><\/span><\/li>\n<li><span style=\"color: #333333;\"><a style=\"color: #333333;\" href=\"https:\/\/isfd21-bue.infd.edu.ar\/sitio\/cuanto-tarda-en-confeccionarse-el-pase\/\" target=\"_blank\" rel=\"noopener\"><strong><em>\u00bfCu\u00e1nto tarda en confeccionarse el pase?<\/em><\/strong><\/a><\/span><\/li>\n<\/ul>\n<p><a href=\"https:\/\/isfd21-bue.infd.edu.ar\/sitio\/\"><img decoding=\"async\" loading=\"lazy\" class=\"alignnone wp-image-1473\" src=\"https:\/\/isfd21-bue.infd.edu.ar\/sitio\/wp-content\/uploads\/2020\/03\/ir-a-inicio.png\" alt=\"\" width=\"129\" height=\"120\" \/><\/a><\/p>\n","protected":false},"excerpt":{"rendered":"<p>CUE: 060643600 Regi\u00f3n IX Distrito 073 Hacer clic en los links para acceder a la informaci\u00f3n: TR\u00c1MITES\u00a0 Tengo una consulta. \u00bfD\u00f3nde pregunto? Rend\u00ed mi \u00faltima materia , \u00bfQu\u00e9\u00a0debo hacer?\u00a0 Pedido de equivalencias\u00a0 Pedido de PASE\u00a0a otra instituci\u00f3n FORMULARIOS Y CONSTANCIAS Pedido de constancias Duplicado de t\u00edtulo CONSULTA FRECUENTE NOVEDADES (CARTELERA ACTUAL) FONOAUDIOLOG\u00cdA BECAS PROGRESAR\u00a0 Conectar &#8230; <a title=\"ESTUDIANTES\" class=\"read-more\" href=\"https:\/\/isfd21-bue.infd.edu.ar\/sitio\/estudiantes\/\" aria-label=\"More on ESTUDIANTES\">[+]<\/a><\/p>\n","protected":false},"author":4665,"featured_media":0,"parent":0,"menu_order":0,"comment_status":"closed","ping_status":"closed","template":"","meta":[],"acf":[],"_links":{"self":[{"href":"https:\/\/isfd21-bue.infd.edu.ar\/sitio\/wp-json\/wp\/v2\/pages\/1454"}],"collection":[{"href":"https:\/\/isfd21-bue.infd.edu.ar\/sitio\/wp-json\/wp\/v2\/pages"}],"about":[{"href":"https:\/\/isfd21-bue.infd.edu.ar\/sitio\/wp-json\/wp\/v2\/types\/page"}],"author":[{"embeddable":true,"href":"https:\/\/isfd21-bue.infd.edu.ar\/sitio\/wp-json\/wp\/v2\/users\/4665"}],"replies":[{"embeddable":true,"href":"https:\/\/isfd21-bue.infd.edu.ar\/sitio\/wp-json\/wp\/v2\/comments?post=1454"}],"version-history":[{"count":126,"href":"https:\/\/isfd21-bue.infd.edu.ar\/sitio\/wp-json\/wp\/v2\/pages\/1454\/revisions"}],"predecessor-version":[{"id":14649,"href":"https:\/\/isfd21-bue.infd.edu.ar\/sitio\/wp-json\/wp\/v2\/pages\/1454\/revisions\/14649"}],"wp:attachment":[{"href":"https:\/\/isfd21-bue.infd.edu.ar\/sitio\/wp-json\/wp\/v2\/media?parent=1454"}],"curies":[{"name":"wp","href":"https:\/\/api.w.org\/{rel}","templated":true}]}}