{"id":14042,"date":"2026-02-24T17:05:09","date_gmt":"2026-02-24T20:05:09","guid":{"rendered":"https:\/\/isfd21-bue.infd.edu.ar\/sitio\/?page_id=14042"},"modified":"2026-03-06T17:15:37","modified_gmt":"2026-03-06T20:15:37","slug":"ingles-4","status":"publish","type":"page","link":"https:\/\/isfd21-bue.infd.edu.ar\/sitio\/ingles-4\/","title":{"rendered":"INGL\u00c9S"},"content":{"rendered":"\n<p>06\/03<\/p>\n\n\n\n<p class=\"has-large-font-size\"><strong><img decoding=\"async\" loading=\"lazy\" height=\"20\" width=\"20\" src=\"https:\/\/static.xx.fbcdn.net\/images\/emoji.php\/v9\/t85\/1\/20\/1f4cc.png\" alt=\"&#x1f4cc;\">ATENCI\u00d3N INGRESANTES DEL PROFESORADO DE INGL\u00c9S, <\/strong>FINALIZACI\u00d3N DE TALLERES<\/p>\n\n\n\n<div class=\"wp-block-file\"><a id=\"wp-block-file--media-ba3cd1d4-a9c6-47cb-bb06-8dd492cbe7fb\" href=\"https:\/\/isfd21-bue.infd.edu.ar\/sitio\/wp-content\/uploads\/2026\/03\/Ingreso-26-Importante-LEER.docx\"><strong>&#x1f534; Ingreso-26-Importante-LEER<\/strong><\/a><a href=\"https:\/\/isfd21-bue.infd.edu.ar\/sitio\/wp-content\/uploads\/2026\/03\/Ingreso-26-Importante-LEER.docx\" class=\"wp-block-file__button wp-element-button\" download aria-describedby=\"wp-block-file--media-ba3cd1d4-a9c6-47cb-bb06-8dd492cbe7fb\">Descarga<\/a><\/div>\n\n\n\n<p>&#x1f534;<a href=\"https:\/\/docs.google.com\/spreadsheets\/d\/1yJ_J0VoAnBI4V9vo2sbt1ytCwnOgzsxu\/edit?usp=drive_link&amp;ouid=100125903108855004922&amp;rtpof=true&amp;sd=true\">https:\/\/docs.google.com\/spreadsheets\/d\/1yJ_J0VoAnBI4V9vo2sbt1ytCwnOgzsxu\/edit?usp=drive_link&amp;ouid=100125903108855004922&amp;rtpof=true&amp;sd=true<\/a><\/p>\n\n\n\n<hr class=\"wp-block-separator has-alpha-channel-opacity\"\/>\n\n\n\n<hr class=\"wp-block-separator has-alpha-channel-opacity\"\/>\n\n\n\n<figure class=\"wp-block-image size-full is-resized\"><img decoding=\"async\" loading=\"lazy\" src=\"https:\/\/isfd21-bue.infd.edu.ar\/sitio\/wp-content\/uploads\/2026\/02\/ATENCION-MESAS-DE-EXAMEN-QUERIDOS-ESTUDIANTES-COMPARTIMOS-EL-LINK-DE-FECHAS-DE-MESAS-DE-EXAMEN-DEL-TURNO-FEBREROMARZO-2026.-3.jpg\" alt=\"\" class=\"wp-image-14043\" width=\"525\" height=\"441\" srcset=\"https:\/\/isfd21-bue.infd.edu.ar\/sitio\/wp-content\/uploads\/2026\/02\/ATENCION-MESAS-DE-EXAMEN-QUERIDOS-ESTUDIANTES-COMPARTIMOS-EL-LINK-DE-FECHAS-DE-MESAS-DE-EXAMEN-DEL-TURNO-FEBREROMARZO-2026.-3.jpg 940w, https:\/\/isfd21-bue.infd.edu.ar\/sitio\/wp-content\/uploads\/2026\/02\/ATENCION-MESAS-DE-EXAMEN-QUERIDOS-ESTUDIANTES-COMPARTIMOS-EL-LINK-DE-FECHAS-DE-MESAS-DE-EXAMEN-DEL-TURNO-FEBREROMARZO-2026.-3-768x644.jpg 768w\" sizes=\"(max-width: 525px) 100vw, 525px\" \/><\/figure>\n\n\n\n<h1 class=\"wp-block-heading\"><strong>ATENCI\u00d3N INGRESANTES DE INGL\u00c9S 2026<\/strong><br><strong>Compartimos enlace del Programa y bibliograf\u00eda para los talleres de febrero 2026<\/strong>:<\/h1>\n\n\n\n<p><a href=\"https:\/\/drive.google.com\/drive\/folders\/1MWQd7ymoqcqXm3A-71mbEOS9IqXIVde-?usp=drive_link\">https:\/\/drive.google.com\/drive\/folders\/1MWQd7ymoqcqXm3A-71mbEOS9IqXIVde-?usp=drive_link<\/a><\/p>\n\n\n\n<hr class=\"wp-block-separator has-alpha-channel-opacity\"\/>\n\n\n\n<div class=\"wp-block-group is-vertical is-layout-flex wp-container-1\">\n<p class=\"has-large-font-size\"><strong>ESTUDIANTES INGRESANTES DE LA CARRERA DE INGL\u00c9S.<\/strong><\/p>\n\n\n\n<p style=\"font-size:32px\"><strong><em><strong>&#x203c;&#xfe0f;REPROGRAMACI\u00d3N DE CHARLA PARA INGRESANTES<\/strong><\/em>.<\/strong><\/p>\n\n\n\n<p class=\"has-large-font-size\"><em>Pasa para lunes 23 de febrero 16:30 hs.<\/em><\/p>\n<\/div>\n\n\n\n<hr class=\"wp-block-separator has-alpha-channel-opacity\"\/>\n\n\n<div class=\"wp-block-image\">\n<figure class=\"aligncenter size-full\"><img decoding=\"async\" loading=\"lazy\" width=\"680\" height=\"377\" src=\"https:\/\/isfd21-bue.infd.edu.ar\/sitio\/wp-content\/uploads\/2026\/02\/INSCRIPCION-A-CUFBA-2-680x377-1.jpg\" alt=\"\" class=\"wp-image-14044\"\/><\/figure><\/div>\n\n\n<p><strong>\u00bfc\u00f3mo me inscribo a cufba?<\/strong><\/p>\n\n\n\n<p>1) ENV\u00cdO DE DOCUMENTACI\u00d3N DIGITAL POR MAIL. (<em>T\u00edtulo secundario (frente y dorso) o Constancia de t\u00edtulo EN tr\u00e1mite o constancia de alumno regular. DNI (DOCUMENTO NACIONAL DE IDENTIDAD).<\/em><\/p>\n\n\n\n<p>2) PRESENTACI\u00d3N DE LA DOCUMENTACI\u00d3N ORIGINAL en el instituto (hasta el 27\/02), CON PLANILLA DE INSCRIPCI\u00d3N impresa Y COMPLETA (PUEDEN CONSEGUIRLA EN EL KIOSCO O EN NUESTRA P\u00c1GINA INSTITUCIONAL).<\/p>\n\n\n\n<p>&nbsp;cada uno en su turno:<\/p>\n\n\n\n<p>turno ma\u00f1ana: de 8:30 a 12 hs. turno tarde: 13:30 a 17:00 hs.<\/p>\n\n\n\n<p><\/p>\n\n\n\n<div class=\"wp-block-group is-vertical is-layout-flex wp-container-2\">\n<hr class=\"wp-block-separator has-alpha-channel-opacity\"\/>\n\n\n\n<hr class=\"wp-block-separator has-alpha-channel-opacity\"\/>\n<\/div>\n","protected":false},"excerpt":{"rendered":"<p>06\/03 ATENCI\u00d3N INGRESANTES DEL PROFESORADO DE INGL\u00c9S, FINALIZACI\u00d3N DE TALLERES &#x1f534;https:\/\/docs.google.com\/spreadsheets\/d\/1yJ_J0VoAnBI4V9vo2sbt1ytCwnOgzsxu\/edit?usp=drive_link&amp;ouid=100125903108855004922&amp;rtpof=true&amp;sd=true ATENCI\u00d3N INGRESANTES DE INGL\u00c9S 2026Compartimos enlace del Programa y bibliograf\u00eda para los talleres de febrero 2026: https:\/\/drive.google.com\/drive\/folders\/1MWQd7ymoqcqXm3A-71mbEOS9IqXIVde-?usp=drive_link ESTUDIANTES INGRESANTES DE LA CARRERA DE INGL\u00c9S. &#x203c;&#xfe0f;REPROGRAMACI\u00d3N DE CHARLA PARA INGRESANTES. Pasa para lunes 23 de febrero 16:30 hs. \u00bfc\u00f3mo me inscribo a cufba? 1) ENV\u00cdO &#8230; <a title=\"INGL\u00c9S\" class=\"read-more\" href=\"https:\/\/isfd21-bue.infd.edu.ar\/sitio\/ingles-4\/\" aria-label=\"More on INGL\u00c9S\">[+]<\/a><\/p>\n","protected":false},"author":9269,"featured_media":0,"parent":0,"menu_order":0,"comment_status":"closed","ping_status":"closed","template":"","meta":[],"acf":[],"_links":{"self":[{"href":"https:\/\/isfd21-bue.infd.edu.ar\/sitio\/wp-json\/wp\/v2\/pages\/14042"}],"collection":[{"href":"https:\/\/isfd21-bue.infd.edu.ar\/sitio\/wp-json\/wp\/v2\/pages"}],"about":[{"href":"https:\/\/isfd21-bue.infd.edu.ar\/sitio\/wp-json\/wp\/v2\/types\/page"}],"author":[{"embeddable":true,"href":"https:\/\/isfd21-bue.infd.edu.ar\/sitio\/wp-json\/wp\/v2\/users\/9269"}],"replies":[{"embeddable":true,"href":"https:\/\/isfd21-bue.infd.edu.ar\/sitio\/wp-json\/wp\/v2\/comments?post=14042"}],"version-history":[{"count":3,"href":"https:\/\/isfd21-bue.infd.edu.ar\/sitio\/wp-json\/wp\/v2\/pages\/14042\/revisions"}],"predecessor-version":[{"id":14123,"href":"https:\/\/isfd21-bue.infd.edu.ar\/sitio\/wp-json\/wp\/v2\/pages\/14042\/revisions\/14123"}],"wp:attachment":[{"href":"https:\/\/isfd21-bue.infd.edu.ar\/sitio\/wp-json\/wp\/v2\/media?parent=14042"}],"curies":[{"name":"wp","href":"https:\/\/api.w.org\/{rel}","templated":true}]}}