{"id":12693,"date":"2025-03-21T16:06:38","date_gmt":"2025-03-21T19:06:38","guid":{"rendered":"https:\/\/isfd21-bue.infd.edu.ar\/sitio\/?page_id=12693"},"modified":"2025-03-21T16:06:40","modified_gmt":"2025-03-21T19:06:40","slug":"ayudantias","status":"publish","type":"page","link":"https:\/\/isfd21-bue.infd.edu.ar\/sitio\/ayudantias\/","title":{"rendered":"AYUDANT\u00cdAS"},"content":{"rendered":"\n<p><strong>Informamos a la comunidad educativa que entre el 27 de marzo y el 7 de abril se abrir\u00e1 la inscripci\u00f3n de aspirantes para las coberturas por concurso de Ayudant\u00edas Estudiantiles. En el archivo adjunto encontrar\u00e1n el listado de las unidades curriculares que convocan a estudiantes y graduadxs a formar parte de esta experiencia.<\/strong><\/p>\n\n\n\n<p><strong>Inclu\u00edmos adem\u00e1s la Resoluci\u00f3n 3127\/04 en la cual se enmarcan los concursos y un instructivo institucional con algunas especificaciones para tener en cuenta.<\/strong><\/p>\n\n\n\n<p><em>\u201cLxs aspirantes a ayudant\u00edas de c\u00e1tedra deber\u00e1n presentar una solicitud con la siguiente informaci\u00f3n:<\/em><\/p>\n\n\n\n<p><em>&nbsp;DATOS PERSONALES: apellido y nombres, n\u00famero de Documento Nacional de Identidad, lugar y fecha de nacimiento, domicilio.<\/em><\/p>\n\n\n\n<p><em>&nbsp;T\u00cdTULOS \/ CERTIFICACI\u00d3N DE ALUMNO\/A REGULAR DEL \u00daLTIMO A\u00d1O: los aspirantes graduados adjuntar\u00e1n fotocopia\/s autenticada\/s de su\/s t\u00edtulo\/s. Los aspirantes alumnos, deber\u00e1n acreditar su condici\u00f3n de cursante del \u00faltimo a\u00f1o de la carrera y presentar constancia de Espacios Curriculares aprobados con la calificaci\u00f3n obtenida.<\/em><\/p>\n\n\n\n<p><em>&nbsp;ANTECEDENTES DOCENTES: cargos docentes desempe\u00f1ados, indicando la instituci\u00f3n con especificaci\u00f3n de nivel, el per\u00edodo y la naturaleza de su designaci\u00f3n, evaluaci\u00f3n de desempe\u00f1o si la hubiera, en el caso de ayudantes graduados y\/o alumnos con t\u00edtulo docente previo.<\/em><\/p>\n\n\n\n<p><em>&nbsp;PUBLICACIONES.<\/em><\/p>\n\n\n\n<p><em>&nbsp;PERFECCIONAMIENTO: fotocopia autenticada de los cursos de perfeccionamiento, actualizaci\u00f3n, especializaci\u00f3n o capacitaci\u00f3n realizados.<\/em><\/p>\n\n\n\n<p><em>&nbsp;FUNDAMENTACI\u00d3N: presentaci\u00f3n de argumentos y expectativas que motivan su postulaci\u00f3n.<\/em><\/p>\n\n\n\n<p><em>&nbsp;OTROS: antecedentes que considere pertinentes.\u201d<\/em><\/p>\n\n\n\n<p><strong>La inscripci\u00f3n se realizar\u00e1 entre el 27 de marzo y el 7 de abril, de manera digital enviando un correo con toda la documentaci\u00f3n a ayudantiadecatedra2021@gmail.com<\/strong><\/p>\n\n\n\n<p><strong><u><em>Incluir en el asunto del correo: APELLIDO Y NOMBRE, CARRERA y UNIDAD CURRICULAR para la que se postula<\/em><\/u><\/strong>.<\/p>\n\n\n\n<p><em>Comisi\u00f3n de Ayudant\u00edas<\/em><\/p>\n\n\n\n<p><em>C.A.I.<\/em><\/p>\n\n\n\n<p><em>ayudantiadecatedra2021@gmail.com<\/em><\/p>\n\n\n\n<p><em>INSCTRUCTIVO:<\/em><\/p>\n\n\n\n<p><a href=\"https:\/\/isfd21-bue.infd.edu.ar\/sitio\/wp-content\/uploads\/2025\/03\/Instructivo-ayudantias-2-1.pdf\">https:\/\/isfd21-bue.infd.edu.ar\/sitio\/wp-content\/uploads\/2025\/03\/Instructivo-ayudantias-2-1.pdf<\/a><\/p>\n\n\n\n<p><em>LISTADO DE DOCENTES QUE SOLICITAN AYUDANTE DE C\u00c1TEDRA:<\/em><\/p>\n\n\n\n<p><a href=\"https:\/\/isfd21-bue.infd.edu.ar\/sitio\/wp-content\/uploads\/2025\/03\/Listado-de-solicitudes-de-Ayudantes-de-Catedra-2025.pdf\">https:\/\/isfd21-bue.infd.edu.ar\/sitio\/wp-content\/uploads\/2025\/03\/Listado-de-solicitudes-de-Ayudantes-de-Catedra-2025.pdf<\/a><\/p>\n","protected":false},"excerpt":{"rendered":"<p>Informamos a la comunidad educativa que entre el 27 de marzo y el 7 de abril se abrir\u00e1 la inscripci\u00f3n de aspirantes para las coberturas por concurso de Ayudant\u00edas Estudiantiles. En el archivo adjunto encontrar\u00e1n el listado de las unidades curriculares que convocan a estudiantes y graduadxs a formar parte de esta experiencia. Inclu\u00edmos adem\u00e1s &#8230; <a title=\"AYUDANT\u00cdAS\" class=\"read-more\" href=\"https:\/\/isfd21-bue.infd.edu.ar\/sitio\/ayudantias\/\" aria-label=\"More on AYUDANT\u00cdAS\">[+]<\/a><\/p>\n","protected":false},"author":9269,"featured_media":0,"parent":0,"menu_order":0,"comment_status":"closed","ping_status":"closed","template":"","meta":[],"acf":[],"_links":{"self":[{"href":"https:\/\/isfd21-bue.infd.edu.ar\/sitio\/wp-json\/wp\/v2\/pages\/12693"}],"collection":[{"href":"https:\/\/isfd21-bue.infd.edu.ar\/sitio\/wp-json\/wp\/v2\/pages"}],"about":[{"href":"https:\/\/isfd21-bue.infd.edu.ar\/sitio\/wp-json\/wp\/v2\/types\/page"}],"author":[{"embeddable":true,"href":"https:\/\/isfd21-bue.infd.edu.ar\/sitio\/wp-json\/wp\/v2\/users\/9269"}],"replies":[{"embeddable":true,"href":"https:\/\/isfd21-bue.infd.edu.ar\/sitio\/wp-json\/wp\/v2\/comments?post=12693"}],"version-history":[{"count":1,"href":"https:\/\/isfd21-bue.infd.edu.ar\/sitio\/wp-json\/wp\/v2\/pages\/12693\/revisions"}],"predecessor-version":[{"id":12695,"href":"https:\/\/isfd21-bue.infd.edu.ar\/sitio\/wp-json\/wp\/v2\/pages\/12693\/revisions\/12695"}],"wp:attachment":[{"href":"https:\/\/isfd21-bue.infd.edu.ar\/sitio\/wp-json\/wp\/v2\/media?parent=12693"}],"curies":[{"name":"wp","href":"https:\/\/api.w.org\/{rel}","templated":true}]}}