{"id":12013,"date":"2024-12-05T15:37:56","date_gmt":"2024-12-05T18:37:56","guid":{"rendered":"https:\/\/isfd21-bue.infd.edu.ar\/sitio\/?page_id=12013"},"modified":"2024-12-11T14:55:05","modified_gmt":"2024-12-11T17:55:05","slug":"12013-2","status":"publish","type":"page","link":"https:\/\/isfd21-bue.infd.edu.ar\/sitio\/12013-2\/","title":{"rendered":""},"content":{"rendered":"\n<p class=\"has-text-align-center has-x-large-font-size\"><strong>ISFD N\u00b021 Profesorado en Historia<\/strong><\/p>\n\n\n\n<p><strong>Proyecto Historia 24. Buscando pasados<\/strong><\/p>\n\n\n\n<p>Proyecto Historia 24 es un sitio web de divulgaci\u00f3n hist\u00f3rica que ofrece a sus visitantes un viaje en el tiempo a trav\u00e9s de diferentes \u00e9pocas y culturas. Con un enfoque did\u00e1ctico y ameno, busca acercar la historia a todos aquellos que sienten curiosidad por conocer el pasado y entender c\u00f3mo ha moldeado nuestro presente.<\/p>\n\n\n\n<p>Docentes: Nicol\u00e1s Aronna, Elena Mohorade, Juan Torales, Gustavo Torre, Dar\u00edo Peralta.<\/p>\n\n\n\n<p class=\"has-text-align-center has-large-font-size\"><a href=\"https:\/\/proyecto-historia-245.webnode.page\/\"><strong>https:\/\/proyecto-historia-245.webnode.page\/<\/strong><\/a><\/p>\n\n\n<div class=\"wp-block-image\">\n<figure class=\"aligncenter size-full is-resized\"><img decoding=\"async\" src=\"https:\/\/isfd21-bue.infd.edu.ar\/sitio\/wp-content\/uploads\/2024\/12\/WhatsApp-Image-2024-11-29-at-21.26.08.jpeg\" alt=\"\" class=\"wp-image-12014\" width=\"500\" srcset=\"https:\/\/isfd21-bue.infd.edu.ar\/sitio\/wp-content\/uploads\/2024\/12\/WhatsApp-Image-2024-11-29-at-21.26.08.jpeg 776w, https:\/\/isfd21-bue.infd.edu.ar\/sitio\/wp-content\/uploads\/2024\/12\/WhatsApp-Image-2024-11-29-at-21.26.08-647x1000.jpeg 647w, https:\/\/isfd21-bue.infd.edu.ar\/sitio\/wp-content\/uploads\/2024\/12\/WhatsApp-Image-2024-11-29-at-21.26.08-768x1187.jpeg 768w\" sizes=\"(max-width: 776px) 100vw, 776px\" \/><\/figure><\/div>","protected":false},"excerpt":{"rendered":"<p>ISFD N\u00b021 Profesorado en Historia Proyecto Historia 24. Buscando pasados Proyecto Historia 24 es un sitio web de divulgaci\u00f3n hist\u00f3rica que ofrece a sus visitantes un viaje en el tiempo a trav\u00e9s de diferentes \u00e9pocas y culturas. Con un enfoque did\u00e1ctico y ameno, busca acercar la historia a todos aquellos que sienten curiosidad por conocer &#8230; <a title=\"\" class=\"read-more\" href=\"https:\/\/isfd21-bue.infd.edu.ar\/sitio\/12013-2\/\" aria-label=\"More on \">[+]<\/a><\/p>\n","protected":false},"author":9269,"featured_media":0,"parent":0,"menu_order":0,"comment_status":"closed","ping_status":"closed","template":"","meta":[],"acf":[],"_links":{"self":[{"href":"https:\/\/isfd21-bue.infd.edu.ar\/sitio\/wp-json\/wp\/v2\/pages\/12013"}],"collection":[{"href":"https:\/\/isfd21-bue.infd.edu.ar\/sitio\/wp-json\/wp\/v2\/pages"}],"about":[{"href":"https:\/\/isfd21-bue.infd.edu.ar\/sitio\/wp-json\/wp\/v2\/types\/page"}],"author":[{"embeddable":true,"href":"https:\/\/isfd21-bue.infd.edu.ar\/sitio\/wp-json\/wp\/v2\/users\/9269"}],"replies":[{"embeddable":true,"href":"https:\/\/isfd21-bue.infd.edu.ar\/sitio\/wp-json\/wp\/v2\/comments?post=12013"}],"version-history":[{"count":6,"href":"https:\/\/isfd21-bue.infd.edu.ar\/sitio\/wp-json\/wp\/v2\/pages\/12013\/revisions"}],"predecessor-version":[{"id":12065,"href":"https:\/\/isfd21-bue.infd.edu.ar\/sitio\/wp-json\/wp\/v2\/pages\/12013\/revisions\/12065"}],"wp:attachment":[{"href":"https:\/\/isfd21-bue.infd.edu.ar\/sitio\/wp-json\/wp\/v2\/media?parent=12013"}],"curies":[{"name":"wp","href":"https:\/\/api.w.org\/{rel}","templated":true}]}}